{"id":30,"date":"2024-02-23T11:17:41","date_gmt":"2024-02-23T14:17:41","guid":{"rendered":"https:\/\/congresos.unlp.edu.ar\/a2b2c2024\/?page_id=30"},"modified":"2024-03-02T13:16:37","modified_gmt":"2024-03-02T16:16:37","slug":"como-llegar-desde-buenos-aires","status":"publish","type":"page","link":"https:\/\/congresos.unlp.edu.ar\/a2b2c2024\/como-llegar-desde-buenos-aires\/","title":{"rendered":"C\u00f3mo llegar desde Buenos Aires"},"content":{"rendered":"<div id=\"pl-30\"  class=\"panel-layout\" ><div id=\"pg-30-0\"  class=\"panel-grid panel-no-style\" ><div id=\"pgc-30-0-0\"  class=\"panel-grid-cell\" ><div id=\"panel-30-0-0-0\" class=\"so-panel widget widget_text panel-first-child\" data-index=\"0\" ><h3 class=\"widget-title\">Tren<\/h3>\t\t\t<div class=\"textwidget\"><p>Ver tarifas y horarios de los trenes de Constituci\u00f3n (CaBa) a La Plata \u00a0<a href=\"https:\/\/www.argentina.gob.ar\/transporte\/trenes-argentinos\/horarios-tarifas-y-recorridos-de-trenes\/plaza-constitucion-la-plata\">aqu\u00ed<\/a><\/p>\n<p>&nbsp;<\/p>\n<\/div>\n\t\t<\/div><div id=\"panel-30-0-0-1\" class=\"so-panel widget widget_text\" data-index=\"1\" ><h3 class=\"widget-title\">Micro de media distancia<\/h3>\t\t\t<div class=\"textwidget\"><p>Tanto la l\u00ednea 129, como la costera Metropolitana poseen viajes desde Capital Federal a La Plata. Ver m\u00e1s informaci\u00f3n <a href=\"https:\/\/laplataterminal.com\/contenido\/147\/la-plata-buenos-aires-precios-horarios-y-recorridos\">aqu\u00ed (tener en cuenta que los precios de la publicaci\u00f3n se encuentran desactualizados)<\/a><\/p>\n<\/div>\n\t\t<\/div><div id=\"panel-30-0-0-2\" class=\"so-panel widget widget_text\" data-index=\"2\" ><h3 class=\"widget-title\">Combi<\/h3>\t\t\t<div class=\"textwidget\"><p>M\u00e1s informaci\u00f3n <a href=\"https:\/\/laplatavip.com\/\">aqu\u00ed<\/a><\/p>\n<\/div>\n\t\t<\/div><div id=\"panel-30-0-0-3\" class=\"so-panel widget widget_text panel-last-child\" data-index=\"3\" ><h3 class=\"widget-title\">Tarjeta SUBE<\/h3>\t\t\t<div class=\"textwidget\"><p>Verific\u00e1 los puntos de carga y compra de tarjeta SUBE para transporte p\u00fablico <a href=\"https:\/\/tarjetasube.sube.gob.ar\/SubeWeb\/WebForms\/admin\/views\/mapa-sube.aspx?id=2\">aqu\u00ed<\/a><\/p>\n<\/div>\n\t\t<\/div><\/div><\/div><\/div>","protected":false},"excerpt":{"rendered":"<p>Ver tarifas y horarios de los trenes de Constituci\u00f3n (CaBa) a La Plata \u00a0aqu\u00ed &nbsp; Tanto la l\u00ednea 129, como la costera Metropolitana poseen viajes desde Capital Federal a La Plata. Ver m\u00e1s informaci\u00f3n aqu\u00ed (tener en cuenta que los precios de la publicaci\u00f3n se encuentran desactualizados) M\u00e1s informaci\u00f3n aqu\u00ed Verific\u00e1 los puntos de carga [&hellip;]<\/p>\n","protected":false},"author":202,"featured_media":0,"parent":0,"menu_order":0,"comment_status":"closed","ping_status":"closed","template":"","meta":{"advgb_blocks_editor_width":"","advgb_blocks_columns_visual_guide":"","footnotes":""},"class_list":["post-30","page","type-page","status-publish","hentry","post"],"aioseo_notices":[],"coauthors":[],"author_meta":{"author_link":"https:\/\/congresos.unlp.edu.ar\/a2b2c2024\/author\/ssoler\/","display_name":"ssoler"},"relative_dates":{"created":"Publicado 2 a\u00f1os hace","modified":"Actualizado 2 a\u00f1os hace"},"absolute_dates":{"created":"Publicado el 23 febrero, 2024","modified":"Actualizado el 2 marzo, 2024"},"absolute_dates_time":{"created":"Publicado el 23 febrero, 2024 11:17 am","modified":"Actualizado el 2 marzo, 2024 1:16 pm"},"featured_img_caption":"","featured_img":false,"series_order":"","_links":{"self":[{"href":"https:\/\/congresos.unlp.edu.ar\/a2b2c2024\/wp-json\/wp\/v2\/pages\/30","targetHints":{"allow":["GET"]}}],"collection":[{"href":"https:\/\/congresos.unlp.edu.ar\/a2b2c2024\/wp-json\/wp\/v2\/pages"}],"about":[{"href":"https:\/\/congresos.unlp.edu.ar\/a2b2c2024\/wp-json\/wp\/v2\/types\/page"}],"author":[{"embeddable":true,"href":"https:\/\/congresos.unlp.edu.ar\/a2b2c2024\/wp-json\/wp\/v2\/users\/202"}],"replies":[{"embeddable":true,"href":"https:\/\/congresos.unlp.edu.ar\/a2b2c2024\/wp-json\/wp\/v2\/comments?post=30"}],"version-history":[{"count":0,"href":"https:\/\/congresos.unlp.edu.ar\/a2b2c2024\/wp-json\/wp\/v2\/pages\/30\/revisions"}],"wp:attachment":[{"href":"https:\/\/congresos.unlp.edu.ar\/a2b2c2024\/wp-json\/wp\/v2\/media?parent=30"}],"curies":[{"name":"wp","href":"https:\/\/api.w.org\/{rel}","templated":true}]}}

Cómo llegar desde Buenos Aires

<div id="pl-30"  class="panel-layout" ><div id="pg-30-0"  class="panel-grid panel-no-style" ><div id="pgc-30-0-0"  class="panel-grid-cell" ><div id="panel-30-0-0-0" class="so-panel widget widget_text panel-first-child" data-index="0" ><h3 class="widget-title">Tren</h3>			<div class="textwidget"><p>Ver tarifas y horarios de los trenes de Constitución (CaBa) a La Plata  <a href="https://www.argentina.gob.ar/transporte/trenes-argentinos/horarios-tarifas-y-recorridos-de-trenes/plaza-constitucion-la-plata">aquí</a></p>
<p>&nbsp;</p>
</div>
		</div><div id="panel-30-0-0-1" class="so-panel widget widget_text" data-index="1" ><h3 class="widget-title">Micro de media distancia</h3>			<div class="textwidget"><p>Tanto la línea 129, como la costera Metropolitana poseen viajes desde Capital Federal a La Plata. Ver más información <a href="https://laplataterminal.com/contenido/147/la-plata-buenos-aires-precios-horarios-y-recorridos">aquí (tener en cuenta que los precios de la publicación se encuentran desactualizados)</a></p>
</div>
		</div><div id="panel-30-0-0-2" class="so-panel widget widget_text" data-index="2" ><h3 class="widget-title">Combi</h3>			<div class="textwidget"><p>Más información <a href="https://laplatavip.com/">aquí</a></p>
</div>
		</div><div id="panel-30-0-0-3" class="so-panel widget widget_text panel-last-child" data-index="3" ><h3 class="widget-title">Tarjeta SUBE</h3>			<div class="textwidget"><p>Verificá los puntos de carga y compra de tarjeta SUBE para transporte público <a href="https://tarjetasube.sube.gob.ar/SubeWeb/WebForms/admin/views/mapa-sube.aspx?id=2">aquí</a></p>
</div>
		</div></div></div></div>

<p>Ver tarifas y horarios de los trenes de Constitución (CaBa) a La Plata  aquí &nbsp; Tanto la línea 129, como la costera Metropolitana poseen viajes desde Capital Federal a La Plata. Ver más información aquí (tener en cuenta que los precios de la publicación se encuentran desactualizados) Más información aquí Verificá los puntos de carga [&hellip;]</p>

Publicado 2 años hace

Actualizado 2 años hace
