{"id":25,"date":"2024-02-23T11:17:41","date_gmt":"2024-02-23T14:17:41","guid":{"rendered":"https:\/\/congresos.unlp.edu.ar\/a2b2c2024\/?page_id=25"},"modified":"2024-11-04T16:36:06","modified_gmt":"2024-11-04T19:36:06","slug":"presentacion-de-trabajos-aceptados","status":"publish","type":"page","link":"https:\/\/congresos.unlp.edu.ar\/a2b2c2024\/presentacion-de-trabajos-aceptados\/","title":{"rendered":"Presentaci\u00f3n de trabajos aceptados"},"content":{"rendered":"<div id=\"pl-25\"  class=\"panel-layout\" ><div id=\"pg-25-0\"  class=\"panel-grid panel-no-style\" ><div id=\"pgc-25-0-0\"  class=\"panel-grid-cell\" ><div id=\"panel-25-0-0-0\" class=\"so-panel widget widget_text panel-first-child panel-last-child\" data-index=\"0\" ><h3 class=\"widget-title\">Presentaci\u00f3n Orales<\/h3>\t\t\t<div class=\"textwidget\"><p>Instrucciones generales:<\/p>\n<ul>\n<li><b>Las charlas son en Ingl\u00e9s (tanto en las diapositivas, como en la oralidad), con una extensi\u00f3n de 10 minutos.\u00a0<\/b><\/li>\n<\/ul>\n<ul>\n<li>Es deseable que las presentaciones sean hechas por el\/la primer\/a autor\/a, en caso de no ser posible puede estar a cargo de otro\/a autor\/a del trabajo<\/li>\n<\/ul>\n<p>En el caso de la no aceptaci\u00f3n de la presentaci\u00f3n oral, la presentaci\u00f3n del trabajo ser\u00e1 en formato p\u00f3ster, teniendo en cuenta las instrucciones que encontrar\u00e1n en la siguiente secci\u00f3n<\/p>\n<p><b>El autor que presente el trabajo <\/b><b>debe estar inscripto<\/b><b> en el congreso.<\/b><\/p>\n<\/div>\n\t\t<\/div><\/div><\/div><div id=\"pg-25-1\"  class=\"panel-grid panel-no-style\" ><div id=\"pgc-25-1-0\"  class=\"panel-grid-cell\" ><div id=\"panel-25-1-0-0\" class=\"so-panel widget widget_text panel-first-child\" data-index=\"1\" ><h3 class=\"widget-title\">Presentaci\u00f3n de Posters<\/h3>\t\t\t<div class=\"textwidget\"><p>En la pagina web del evento encontraras el programa completo, no te olvides de verificar los horarios de las sesiones de posters:<\/p>\n<ul>\n<li><b>Jueves 7\/11 15:00 to 17:00 &#8211; <\/b>Poster Session Tracks: Evolutionary, Comparative and Population Genomics, and Genomics, Transcriptomics, Metagenomic and Biomedical omics.<\/li>\n<li><b>viernes 8\/11 10:25 to 12:00 &#8211; <\/b>Poster Session Tracks: Proteomics, Protein Structure and Function and Biological databases, Bioimaging and Machine Learning.<\/li>\n<\/ul>\n<p>Pod\u00e9s ver el programa completo de posters <a href=\"https:\/\/drive.google.com\/file\/d\/1H6A2Pxfr5U0MSJwtrEvdtG82h0CY2eAl\/view?usp=sharing\">aqu\u00ed<\/a>.<\/p>\n<\/div>\n\t\t<\/div><div id=\"panel-25-1-0-1\" class=\"so-panel widget widget_text panel-last-child\" data-index=\"2\" ><h3 class=\"widget-title\">Instrucciones generales para p\u00f3ster<\/h3>\t\t\t<div class=\"textwidget\"><ul>\n<li>Medidas: 90cm x 110cm.<\/li>\n<li>Idioma del texto en el p\u00f3ster: ingl\u00e9s.<\/li>\n<li>Incluir encabezado que se env\u00eda adjunto en el presente mail.<\/li>\n<\/ul>\n<p><b>El\/La autor\/a que presente el trabajo <\/b><b>debe estar inscripto <\/b><b>en el congreso<\/b>.<\/p>\n<p>Para que un p\u00f3ster sea considerado para un premio, el\/la presentadora debe:<\/p>\n<ul>\n<li>Estar presente durante la sesi\u00f3n que se le asigne para su evaluaci\u00f3n<\/li>\n<li>La presentaci\u00f3n ser\u00e1 de no m\u00e1s de 5 minutos<\/li>\n<\/ul>\n<p>Solo <b>recibir\u00e1n certificado de presentaci\u00f3n a p\u00f3ster<\/b>, quienes est\u00e9n presentes durante las sesiones de p\u00f3ster.<\/p>\n<p>&nbsp;<\/p>\n<\/div>\n\t\t<\/div><\/div><\/div><div id=\"pg-25-2\"  class=\"panel-grid panel-no-style\" ><div id=\"pgc-25-2-0\"  class=\"panel-grid-cell\" ><div id=\"panel-25-2-0-0\" class=\"so-panel widget widget_text panel-first-child panel-last-child\" data-index=\"3\" ><h3 class=\"widget-title\">Preguntas Frecuentes<\/h3>\t\t\t<div class=\"textwidget\"><p><strong>\u00bfDebo anotarme al congreso para poder presentar mi trabajo?<\/strong><\/p>\n<p>S\u00ed. Para la presentaci\u00f3n de trabajos es requisito la inscripci\u00f3n en el siguiente enlace: <a href=\"https:\/\/forms.gle\/VTX18hr9ogaVq9ap6\">https:\/\/forms.gle\/VTX18hr9ogaVq9ap6<\/a><\/p>\n<p><strong>\u00bfSe ofrecen becas de ayuda econ\u00f3mica?<\/strong><\/p>\n<p>Se ofrecen becas de asistencia pueden realizarlo en el siguiente link hasta el <b>d\u00eda 10 de octubre<\/b>: <a href=\"https:\/\/forms.gle\/ZQXBFyw5u8CDLNAi9\">https:\/\/forms.gle\/ZQXBFyw5u8CDLNAi9<\/a><\/p>\n<p>&nbsp;<\/p>\n<\/div>\n\t\t<\/div><\/div><\/div><\/div>","protected":false},"excerpt":{"rendered":"<p>Instrucciones generales: Las charlas son en Ingl\u00e9s (tanto en las diapositivas, como en la oralidad), con una extensi\u00f3n de 10 minutos.\u00a0 Es deseable que las presentaciones sean hechas por el\/la primer\/a autor\/a, en caso de no ser posible puede estar a cargo de otro\/a autor\/a del trabajo En el caso de la no aceptaci\u00f3n de [&hellip;]<\/p>\n","protected":false},"author":202,"featured_media":0,"parent":0,"menu_order":0,"comment_status":"closed","ping_status":"closed","template":"","meta":{"advgb_blocks_editor_width":"","advgb_blocks_columns_visual_guide":"","footnotes":""},"class_list":["post-25","page","type-page","status-publish","hentry","post"],"aioseo_notices":[],"coauthors":[],"author_meta":{"author_link":"https:\/\/congresos.unlp.edu.ar\/a2b2c2024\/author\/ssoler\/","display_name":"ssoler"},"relative_dates":{"created":"Publicado 2 a\u00f1os hace","modified":"Actualizado 1 a\u00f1o hace"},"absolute_dates":{"created":"Publicado el 23 febrero, 2024","modified":"Actualizado el 4 noviembre, 2024"},"absolute_dates_time":{"created":"Publicado el 23 febrero, 2024 11:17 am","modified":"Actualizado el 4 noviembre, 2024 4:36 pm"},"featured_img_caption":"","featured_img":false,"series_order":"","_links":{"self":[{"href":"https:\/\/congresos.unlp.edu.ar\/a2b2c2024\/wp-json\/wp\/v2\/pages\/25","targetHints":{"allow":["GET"]}}],"collection":[{"href":"https:\/\/congresos.unlp.edu.ar\/a2b2c2024\/wp-json\/wp\/v2\/pages"}],"about":[{"href":"https:\/\/congresos.unlp.edu.ar\/a2b2c2024\/wp-json\/wp\/v2\/types\/page"}],"author":[{"embeddable":true,"href":"https:\/\/congresos.unlp.edu.ar\/a2b2c2024\/wp-json\/wp\/v2\/users\/202"}],"replies":[{"embeddable":true,"href":"https:\/\/congresos.unlp.edu.ar\/a2b2c2024\/wp-json\/wp\/v2\/comments?post=25"}],"version-history":[{"count":0,"href":"https:\/\/congresos.unlp.edu.ar\/a2b2c2024\/wp-json\/wp\/v2\/pages\/25\/revisions"}],"wp:attachment":[{"href":"https:\/\/congresos.unlp.edu.ar\/a2b2c2024\/wp-json\/wp\/v2\/media?parent=25"}],"curies":[{"name":"wp","href":"https:\/\/api.w.org\/{rel}","templated":true}]}}