{"id":24,"date":"2024-02-23T11:17:41","date_gmt":"2024-02-23T14:17:41","guid":{"rendered":"https:\/\/congresos.unlp.edu.ar\/a2b2c2024\/?page_id=24"},"modified":"2024-05-30T21:15:47","modified_gmt":"2024-05-31T00:15:47","slug":"areas-tematicas","status":"publish","type":"page","link":"https:\/\/congresos.unlp.edu.ar\/a2b2c2024\/areas-tematicas\/","title":{"rendered":"\u00c1reas tem\u00e1ticas"},"content":{"rendered":"<div id=\"pl-24\"  class=\"panel-layout\" ><div id=\"pg-24-0\"  class=\"panel-grid panel-no-style\" ><div id=\"pgc-24-0-0\"  class=\"panel-grid-cell panel-grid-cell-empty\" ><\/div><\/div><div id=\"pg-24-1\"  class=\"panel-grid panel-has-style\" ><div class=\"panel-row-style panel-row-style-for-24-1\" ><div id=\"pgc-24-1-0\"  class=\"panel-grid-cell\" ><div id=\"panel-24-1-0-0\" class=\"so-panel widget widget_text panel-first-child panel-last-child\" data-index=\"0\" ><div class=\"panel-widget-style panel-widget-style-for-24-1-0-0\" ><h3 class=\"widget-title\">Ejes tem\u00e1ticos<\/h3>\t\t\t<div class=\"textwidget\"><ul>\n<li>Prote\u00f3mica, estructura y funci\u00f3n de prote\u00ednas<\/li>\n<li>Gen\u00f3mica evolutiva, comparativa y de poblaciones<\/li>\n<li>Gen\u00f3mica, transcript\u00f3mica, metagen\u00f3mica y \u00f3micas biom\u00e9dicas<\/li>\n<li>Bases de datos biol\u00f3gicas, bioimagen y aprendizaje autom\u00e1tico<\/li>\n<li>Educaci\u00f3n\n<p>La inscripci\u00f3n es obligatoria para obtener un certificado. Si env\u00edas un resumen, tambi\u00e9n debes inscribirte aqu\u00ed.<\/li>\n<\/ul>\n<\/div>\n\t\t<\/div><\/div><\/div><\/div><\/div><div id=\"pg-24-2\"  class=\"panel-grid panel-has-style\" ><div class=\"panel-row-style panel-row-style-for-24-2\" ><div id=\"pgc-24-2-0\"  class=\"panel-grid-cell panel-grid-cell-empty\" ><\/div><\/div><\/div><\/div>","protected":false},"excerpt":{"rendered":"<p>Prote\u00f3mica, estructura y funci\u00f3n de prote\u00ednas Gen\u00f3mica evolutiva, comparativa y de poblaciones Gen\u00f3mica, transcript\u00f3mica, metagen\u00f3mica y \u00f3micas biom\u00e9dicas Bases de datos biol\u00f3gicas, bioimagen y aprendizaje autom\u00e1tico Educaci\u00f3n La inscripci\u00f3n es obligatoria para obtener un certificado. Si env\u00edas un resumen, tambi\u00e9n debes inscribirte aqu\u00ed.<\/p>\n","protected":false},"author":202,"featured_media":0,"parent":0,"menu_order":0,"comment_status":"closed","ping_status":"closed","template":"","meta":{"advgb_blocks_editor_width":"","advgb_blocks_columns_visual_guide":"","footnotes":""},"class_list":["post-24","page","type-page","status-publish","hentry","post"],"aioseo_notices":[],"coauthors":[],"author_meta":{"author_link":"https:\/\/congresos.unlp.edu.ar\/a2b2c2024\/author\/ssoler\/","display_name":"ssoler"},"relative_dates":{"created":"Publicado 2 a\u00f1os hace","modified":"Actualizado 2 a\u00f1os hace"},"absolute_dates":{"created":"Publicado el 23 febrero, 2024","modified":"Actualizado el 30 mayo, 2024"},"absolute_dates_time":{"created":"Publicado el 23 febrero, 2024 11:17 am","modified":"Actualizado el 30 mayo, 2024 9:15 pm"},"featured_img_caption":"","featured_img":false,"series_order":"","_links":{"self":[{"href":"https:\/\/congresos.unlp.edu.ar\/a2b2c2024\/wp-json\/wp\/v2\/pages\/24","targetHints":{"allow":["GET"]}}],"collection":[{"href":"https:\/\/congresos.unlp.edu.ar\/a2b2c2024\/wp-json\/wp\/v2\/pages"}],"about":[{"href":"https:\/\/congresos.unlp.edu.ar\/a2b2c2024\/wp-json\/wp\/v2\/types\/page"}],"author":[{"embeddable":true,"href":"https:\/\/congresos.unlp.edu.ar\/a2b2c2024\/wp-json\/wp\/v2\/users\/202"}],"replies":[{"embeddable":true,"href":"https:\/\/congresos.unlp.edu.ar\/a2b2c2024\/wp-json\/wp\/v2\/comments?post=24"}],"version-history":[{"count":0,"href":"https:\/\/congresos.unlp.edu.ar\/a2b2c2024\/wp-json\/wp\/v2\/pages\/24\/revisions"}],"wp:attachment":[{"href":"https:\/\/congresos.unlp.edu.ar\/a2b2c2024\/wp-json\/wp\/v2\/media?parent=24"}],"curies":[{"name":"wp","href":"https:\/\/api.w.org\/{rel}","templated":true}]}}