{"id":7,"date":"2019-05-20T13:50:43","date_gmt":"2019-05-20T16:50:43","guid":{"rendered":"https:\/\/congresos.unlp.edu.ar\/7scii\/?page_id=7"},"modified":"2019-07-18T10:41:15","modified_gmt":"2019-07-18T13:41:15","slug":"comision-organizadora","status":"publish","type":"page","link":"https:\/\/congresos.unlp.edu.ar\/7ciip\/comision-organizadora\/","title":{"rendered":"Comisi\u00f3n Organizadora"},"content":{"rendered":"\r\n<p style=\"text-align: center\"><strong>Coordinadoras Generales: \u00c1ngeles Ferrer y Manuela Kreis<\/strong><\/p>\r\n\r\n\r\n\r\n<p style=\"text-align: center\">\u00c1REA DE DIFUSI\u00d3N Y MEDIOS<\/p>\r\n\r\n\r\n\r\n<p style=\"text-align: center\">Gastaminza, Florencia Aldana; Huili, Mat\u00edas; Astengo, Juan Cruz; Ballesteros, Daiana; Cabrera, Macarena Castedo Moresco, Mar\u00eda Bel\u00e9n; Garritano, Camila; Mussini, Agustina; Petromilli, Giuliana<\/p>\r\n\r\n\r\n\r\n<p style=\"text-align: center\">\u00c1REA DE EVALUACI\u00d3N<\/p>\r\n\r\n\r\n\r\n<p style=\"text-align: center\">Agrazar, Jesuan;\u00a0 Angelini, Silvio; Biasella, Rogelio; Bolpe, Mar\u00eda del Pilar; Bueti Lopez, Aldana; Burgos Noelia; Campod\u00f3nico, Nicol\u00e1s; Cassini, Julieta; Cenzano Drag\u00fan, Melina; Colanzi, Irma; Fernandez Raone, Martina; Galeano Patricia; Gomariz, Tom\u00e1s; Lescano, Aim\u00e9; Mariescurrena, Bel\u00e9n; Martinez, Mario; Prieto, Federico; Roldan, Angel; Sans Micaela; Sosa, Mart\u00edn; Urios, Romina; Urtizberea Facundo<\/p>\r\n\r\n\r\n\r\n<p style=\"text-align: center\">\u00c1REA CULTURAL<\/p>\r\n\r\n\r\n\r\n<p style=\"text-align: center\">Lavarello, Mar\u00eda Laura; Salum, Javier; Barrenengoa, Pablo; Cassini, Julieta; Digiano, Ana; Nizan, Manuel<\/p>\r\n\r\n\r\n\r\n<p style=\"text-align: center\">\u00c1REA RELACIONES RELACIONES INTERINSTITUCIONALES<\/p>\r\n\r\n\r\n\r\n<p style=\"text-align: center\">Agrafojo, Carolina; D&#8217;Ovidio, Anita; Galosi, Mat\u00edas; Garzianiti, Ramiro; Lucesole, Natalia; Orleans, Claudia; P\u00e9rez, Nahuel; Sanch\u00e9z, Mariela; Mariana Velasco; Zanghellini, Luz.<\/p>\r\n\r\n\r\n\r\n<p>&nbsp;<\/p>\r\n","protected":false},"excerpt":{"rendered":"<p>Coordinadoras Generales: \u00c1ngeles Ferrer y Manuela Kreis \u00c1REA DE DIFUSI\u00d3N Y MEDIOS Gastaminza, Florencia Aldana; Huili, Mat\u00edas; Astengo, Juan Cruz; Ballesteros, Daiana; Cabrera, Macarena Castedo Moresco, Mar\u00eda Bel\u00e9n; Garritano, Camila; Mussini, Agustina; Petromilli, Giuliana \u00c1REA DE EVALUACI\u00d3N Agrazar, Jesuan;\u00a0 Angelini, Silvio; Biasella, Rogelio; Bolpe, Mar\u00eda del Pilar; Bueti Lopez, Aldana; Burgos Noelia; Campod\u00f3nico, Nicol\u00e1s; Cassini, [&hellip;]<\/p>\n","protected":false},"author":2,"featured_media":0,"parent":0,"menu_order":0,"comment_status":"closed","ping_status":"closed","template":"","meta":{"advgb_blocks_editor_width":"","advgb_blocks_columns_visual_guide":"","footnotes":""},"class_list":["post-7","page","type-page","status-publish","hentry","post"],"aioseo_notices":[],"coauthors":[],"author_meta":{"author_link":"https:\/\/congresos.unlp.edu.ar\/7ciip\/author\/congresos\/","display_name":"congresos"},"relative_dates":{"created":"Posted 7 a\u00f1os ago","modified":"Updated 7 a\u00f1os ago"},"absolute_dates":{"created":"Posted on 20 mayo, 2019","modified":"Updated on 18 julio, 2019"},"absolute_dates_time":{"created":"Posted on 20 mayo, 2019 1:50 pm","modified":"Updated on 18 julio, 2019 10:41 am"},"featured_img_caption":"","featured_img":false,"series_order":"","_links":{"self":[{"href":"https:\/\/congresos.unlp.edu.ar\/7ciip\/wp-json\/wp\/v2\/pages\/7","targetHints":{"allow":["GET"]}}],"collection":[{"href":"https:\/\/congresos.unlp.edu.ar\/7ciip\/wp-json\/wp\/v2\/pages"}],"about":[{"href":"https:\/\/congresos.unlp.edu.ar\/7ciip\/wp-json\/wp\/v2\/types\/page"}],"author":[{"embeddable":true,"href":"https:\/\/congresos.unlp.edu.ar\/7ciip\/wp-json\/wp\/v2\/users\/2"}],"replies":[{"embeddable":true,"href":"https:\/\/congresos.unlp.edu.ar\/7ciip\/wp-json\/wp\/v2\/comments?post=7"}],"version-history":[{"count":0,"href":"https:\/\/congresos.unlp.edu.ar\/7ciip\/wp-json\/wp\/v2\/pages\/7\/revisions"}],"wp:attachment":[{"href":"https:\/\/congresos.unlp.edu.ar\/7ciip\/wp-json\/wp\/v2\/media?parent=7"}],"curies":[{"name":"wp","href":"https:\/\/api.w.org\/{rel}","templated":true}]}}

Comisión Organizadora

<p style="text-align: center"><strong>Coordinadoras Generales: Ángeles Ferrer y Manuela Kreis</strong></p>



<p style="text-align: center">ÁREA DE DIFUSIÓN Y MEDIOS</p>



<p style="text-align: center">Gastaminza, Florencia Aldana; Huili, Matías; Astengo, Juan Cruz; Ballesteros, Daiana; Cabrera, Macarena Castedo Moresco, María Belén; Garritano, Camila; Mussini, Agustina; Petromilli, Giuliana</p>



<p style="text-align: center">ÁREA DE EVALUACIÓN</p>



<p style="text-align: center">Agrazar, Jesuan;  Angelini, Silvio; Biasella, Rogelio; Bolpe, María del Pilar; Bueti Lopez, Aldana; Burgos Noelia; Campodónico, Nicolás; Cassini, Julieta; Cenzano Dragún, Melina; Colanzi, Irma; Fernandez Raone, Martina; Galeano Patricia; Gomariz, Tomás; Lescano, Aimé; Mariescurrena, Belén; Martinez, Mario; Prieto, Federico; Roldan, Angel; Sans Micaela; Sosa, Martín; Urios, Romina; Urtizberea Facundo</p>



<p style="text-align: center">ÁREA CULTURAL</p>



<p style="text-align: center">Lavarello, María Laura; Salum, Javier; Barrenengoa, Pablo; Cassini, Julieta; Digiano, Ana; Nizan, Manuel</p>



<p style="text-align: center">ÁREA RELACIONES RELACIONES INTERINSTITUCIONALES</p>



<p style="text-align: center">Agrafojo, Carolina; D&#8217;Ovidio, Anita; Galosi, Matías; Garzianiti, Ramiro; Lucesole, Natalia; Orleans, Claudia; Pérez, Nahuel; Sanchéz, Mariela; Mariana Velasco; Zanghellini, Luz.</p>



<p>&nbsp;</p>

<p>Coordinadoras Generales: Ángeles Ferrer y Manuela Kreis ÁREA DE DIFUSIÓN Y MEDIOS Gastaminza, Florencia Aldana; Huili, Matías; Astengo, Juan Cruz; Ballesteros, Daiana; Cabrera, Macarena Castedo Moresco, María Belén; Garritano, Camila; Mussini, Agustina; Petromilli, Giuliana ÁREA DE EVALUACIÓN Agrazar, Jesuan;  Angelini, Silvio; Biasella, Rogelio; Bolpe, María del Pilar; Bueti Lopez, Aldana; Burgos Noelia; Campodónico, Nicolás; Cassini, [&hellip;]</p>

Posted 7 años ago

Updated 7 años ago
