{"id":5,"date":"2019-05-20T13:49:52","date_gmt":"2019-05-20T16:49:52","guid":{"rendered":"https:\/\/congresos.unlp.edu.ar\/7scii\/?page_id=5"},"modified":"2019-07-03T09:23:48","modified_gmt":"2019-07-03T12:23:48","slug":"contacto","status":"publish","type":"page","link":"https:\/\/congresos.unlp.edu.ar\/7ciip\/contacto\/","title":{"rendered":"Contacto"},"content":{"rendered":"\r\n<p>Correo del Congreso: <a href=\"alternativaspsicounlp@gmail.com\">alternativaspsicounlp@gmail.com<\/a> <br \/>Instagram: <a href=\"https:\/\/www.instagram.com\/alter.nativas.psicologia\">@alter.nativas.psicologia<\/a><br \/>Secretar\u00eda de investigaci\u00f3n<br \/><a href=\"investigacion@psico.unlp.edu.ar\">investigacion@psico.unlp.edu.ar<\/a><br \/><br \/>FACULTAD DE PSICOLOG\u00cdA. UNIVERSIDAD NACIONAL DE LA PLATA <br \/>Calle 51 entre 123 y 124. Ensenada (CP 1925) Provincia de Buenos Aires. Argentina<\/p>\r\n<p>Calle 51 entre 123 y 124. Ensenada (CP 1925) Provincia de Buenos Aires. Argentina<\/p>\r\n<p>&nbsp;<\/p>\r\n<p>Facebook de la Facultad de Psicolog\u00eda UNLP<br \/><a href=\"https:\/\/www.facebook.com\/PsicoUNLPoficial\">https:\/\/www.facebook.com\/PsicoUNLPoficial<\/a><br \/><br \/>Twitter de la Facultad de Psicolog\u00eda UNLP<br \/><a href=\"https:\/\/twitter.com\/PsicoUNLP\">https:\/\/twitter.com\/PsicoUNLP<\/a><br \/><br \/>Instagram de la Facultad de Psicolog\u00eda UNLP<br \/><a href=\"https:\/\/www.instagram.com\/psicounlp\/\">https:\/\/www.instagram.com\/psicounlp\/<\/a><br \/><br \/>Canal de Youtube de la Facultad de Psicolog\u00eda UNLP<br \/><a href=\"https:\/\/www.youtube.com\/channel\/UCjOVAo3Wsc3TGWymLEAHtUg\">https:\/\/www.youtube.com\/channel\/UCjOVAo3Wsc3TGWymLEAHtUg<\/a><\/p>\r\n<p><br \/><br \/>TEL: +54 (0221) 482-4415 | 482-5931 | 482-8457 | 483-3933 | 483-4871 <br \/>INTERNO 135<\/p>\r\n","protected":false},"excerpt":{"rendered":"<p>Correo del Congreso: alternativaspsicounlp@gmail.com Instagram: @alter.nativas.psicologiaSecretar\u00eda de investigaci\u00f3ninvestigacion@psico.unlp.edu.ar FACULTAD DE PSICOLOG\u00cdA. UNIVERSIDAD NACIONAL DE LA PLATA Calle 51 entre 123 y 124. Ensenada (CP 1925) Provincia de Buenos Aires. Argentina Calle 51 entre 123 y 124. Ensenada (CP 1925) Provincia de Buenos Aires. Argentina &nbsp; Facebook de la Facultad de Psicolog\u00eda UNLPhttps:\/\/www.facebook.com\/PsicoUNLPoficial Twitter de la [&hellip;]<\/p>\n","protected":false},"author":2,"featured_media":0,"parent":0,"menu_order":0,"comment_status":"closed","ping_status":"closed","template":"","meta":{"advgb_blocks_editor_width":"","advgb_blocks_columns_visual_guide":"","footnotes":""},"class_list":["post-5","page","type-page","status-publish","hentry","post"],"aioseo_notices":[],"coauthors":[],"author_meta":{"author_link":"https:\/\/congresos.unlp.edu.ar\/7ciip\/author\/congresos\/","display_name":"congresos"},"relative_dates":{"created":"Posted 7 a\u00f1os ago","modified":"Updated 7 a\u00f1os ago"},"absolute_dates":{"created":"Posted on 20 mayo, 2019","modified":"Updated on 3 julio, 2019"},"absolute_dates_time":{"created":"Posted on 20 mayo, 2019 1:49 pm","modified":"Updated on 3 julio, 2019 9:23 am"},"featured_img_caption":"","featured_img":false,"series_order":"","_links":{"self":[{"href":"https:\/\/congresos.unlp.edu.ar\/7ciip\/wp-json\/wp\/v2\/pages\/5","targetHints":{"allow":["GET"]}}],"collection":[{"href":"https:\/\/congresos.unlp.edu.ar\/7ciip\/wp-json\/wp\/v2\/pages"}],"about":[{"href":"https:\/\/congresos.unlp.edu.ar\/7ciip\/wp-json\/wp\/v2\/types\/page"}],"author":[{"embeddable":true,"href":"https:\/\/congresos.unlp.edu.ar\/7ciip\/wp-json\/wp\/v2\/users\/2"}],"replies":[{"embeddable":true,"href":"https:\/\/congresos.unlp.edu.ar\/7ciip\/wp-json\/wp\/v2\/comments?post=5"}],"version-history":[{"count":0,"href":"https:\/\/congresos.unlp.edu.ar\/7ciip\/wp-json\/wp\/v2\/pages\/5\/revisions"}],"wp:attachment":[{"href":"https:\/\/congresos.unlp.edu.ar\/7ciip\/wp-json\/wp\/v2\/media?parent=5"}],"curies":[{"name":"wp","href":"https:\/\/api.w.org\/{rel}","templated":true}]}}