{"id":49,"date":"2019-05-21T12:05:39","date_gmt":"2019-05-21T15:05:39","guid":{"rendered":"http:\/\/congresos.unlp.edu.ar\/7ciip\/?page_id=49"},"modified":"2019-06-14T11:14:02","modified_gmt":"2019-06-14T14:14:02","slug":"presentacion","status":"publish","type":"page","link":"https:\/\/congresos.unlp.edu.ar\/7ciip\/presentacion\/","title":{"rendered":"Presentaci\u00f3n"},"content":{"rendered":"\n<p style=\"text-align:right\">Ensenada, mayo 2019<\/p>\n\n\n\n<p style=\"text-align:left\">Estimadas y Estimados:<br><br>Es para nosotras y nosotros un gusto y un honor anunciar y efectuar la convocatoria al <strong><em>\u201cS\u00e9ptimo Congreso Internacional de Investigaci\u00f3n de la Facultad de Psicolog\u00eda. Alter-nativas. Aportes a la construcci\u00f3n de pr\u00e1cticas y saberes desde el Sur\u201d<\/em><\/strong>, que tendr\u00e1 lugar en la Facultad de Psicolog\u00eda de la Universidad Nacional de La Plata los d\u00edas 4, 5 y 6 de diciembre de 2019. <br> <br>El <em>S\u00e9ptimo Congreso Internacional de Investigaci\u00f3n de la Facultad de Psicolog\u00eda<\/em> tiene como antecedente actividades que vienen desarroll\u00e1ndose desde el a\u00f1o 2007, entre ellas siete ediciones de las \u201c<em>Jornadas de Investigaci\u00f3n y Encuentro de Becarias y Becarios<\/em> <em>de la Facultad de Psicolog\u00eda\u201d<\/em> y seis ediciones del \u201c<em>Congreso Internacional de Investigaci\u00f3n en Psicolog\u00eda<\/em>\u201d. Desde entonces, esta reuni\u00f3n de investigadores ha crecido a\u00f1o tras a\u00f1o ampli\u00e1ndose y reuniendo a profesionales, docentes e investigadores de la Psicolog\u00eda. <br> <br>El encuentro constituye un espacio para el di\u00e1logo y el entrecruzamiento de saberes y pr\u00e1cticas de investigaci\u00f3n, extensi\u00f3n y docencia. Destacamos la importancia de compartir y promover debates en torno a los contextos contempor\u00e1neos e hist\u00f3ricos latinoamericanos, y la colectivizaci\u00f3n de Alter-nativas a los discursos dominantes y hegem\u00f3nicos, que supere el agotamiento intelectual y pol\u00edtico del Norte global.<br> <br>Esperamos que el espacio constituya una oportunidad de construir interrogantes y respuestas propias, locales, en solidaridad con una Universidad P\u00fablica que orienta su accionar a la formaci\u00f3n de profesionales cr\u00edticos y comprometidos con los problemas de su \u00e9poca y apostamos al encuentro y al debate para la comunicaci\u00f3n y producci\u00f3n de nuevos conocimientos. <br> <br>Los y las saludamos afectuosamente,<\/p>\n\n\n\n<p style=\"text-align:right\">Prof. Alejandra Valentino<br> <br>Dra. Agustina Mar\u00eda Edna D\u2019Agostino <br> <br>Coordinadoras del \u201cS\u00e9ptimo Congreso Internacional de Investigaci\u00f3n de la Facultad de Psicolog\u00eda.<br>Alter-nativas- Aportes a la construcci\u00f3n de pr\u00e1cticas y saberes desde el Sur\u201d.<\/p>\n","protected":false},"excerpt":{"rendered":"<p>Ensenada, mayo 2019 Estimadas y Estimados: Es para nosotras y nosotros un gusto y un honor anunciar y efectuar la convocatoria al \u201cS\u00e9ptimo Congreso Internacional de Investigaci\u00f3n de la Facultad de Psicolog\u00eda. Alter-nativas. Aportes a la construcci\u00f3n de pr\u00e1cticas y saberes desde el Sur\u201d, que tendr\u00e1 lugar en la Facultad de Psicolog\u00eda de la Universidad [&hellip;]<\/p>\n","protected":false},"author":2,"featured_media":0,"parent":0,"menu_order":0,"comment_status":"closed","ping_status":"closed","template":"","meta":{"advgb_blocks_editor_width":"","advgb_blocks_columns_visual_guide":"","footnotes":""},"class_list":["post-49","page","type-page","status-publish","hentry","post"],"aioseo_notices":[],"coauthors":[],"author_meta":{"author_link":"https:\/\/congresos.unlp.edu.ar\/7ciip\/author\/congresos\/","display_name":"congresos"},"relative_dates":{"created":"Posted 7 a\u00f1os ago","modified":"Updated 7 a\u00f1os ago"},"absolute_dates":{"created":"Posted on 21 mayo, 2019","modified":"Updated on 14 junio, 2019"},"absolute_dates_time":{"created":"Posted on 21 mayo, 2019 12:05 pm","modified":"Updated on 14 junio, 2019 11:14 am"},"featured_img_caption":"","featured_img":false,"series_order":"","_links":{"self":[{"href":"https:\/\/congresos.unlp.edu.ar\/7ciip\/wp-json\/wp\/v2\/pages\/49","targetHints":{"allow":["GET"]}}],"collection":[{"href":"https:\/\/congresos.unlp.edu.ar\/7ciip\/wp-json\/wp\/v2\/pages"}],"about":[{"href":"https:\/\/congresos.unlp.edu.ar\/7ciip\/wp-json\/wp\/v2\/types\/page"}],"author":[{"embeddable":true,"href":"https:\/\/congresos.unlp.edu.ar\/7ciip\/wp-json\/wp\/v2\/users\/2"}],"replies":[{"embeddable":true,"href":"https:\/\/congresos.unlp.edu.ar\/7ciip\/wp-json\/wp\/v2\/comments?post=49"}],"version-history":[{"count":0,"href":"https:\/\/congresos.unlp.edu.ar\/7ciip\/wp-json\/wp\/v2\/pages\/49\/revisions"}],"wp:attachment":[{"href":"https:\/\/congresos.unlp.edu.ar\/7ciip\/wp-json\/wp\/v2\/media?parent=49"}],"curies":[{"name":"wp","href":"https:\/\/api.w.org\/{rel}","templated":true}]}}