{"id":20,"date":"2024-02-27T09:42:46","date_gmt":"2024-02-27T12:42:46","guid":{"rendered":"https:\/\/congresos.unlp.edu.ar\/5congresofilosofialiberacion\/?page_id=20"},"modified":"2024-03-04T16:42:25","modified_gmt":"2024-03-04T19:42:25","slug":"modalidad-de-participacion","status":"publish","type":"page","link":"https:\/\/congresos.unlp.edu.ar\/5congresofilosofialiberacion\/modalidad-de-participacion\/","title":{"rendered":"Modalidad de participaci\u00f3n"},"content":{"rendered":"<h5><strong>1. Ponencias<\/strong><\/h5>\n<h5>En esta categor\u00eda podr\u00e1n presentarse, ensayos, avances de investigaciones y trabajos de reflexi\u00f3n cr\u00edtica en di\u00e1logo con categor\u00edas o t\u00f3picos de la filosof\u00eda de la Liberaci\u00f3n. Para el env\u00edo de propuestas los res\u00famenes deber\u00e1n cumplir en el orden establecido con las siguientes especificaciones:<br \/>\n&#8211; T\u00edtulo.<br \/>\n&#8211; Nombre\/s y Apellido\/s del\/xs autor\/xs.<br \/>\n&#8211; Correo electr\u00f3nico.<br \/>\n&#8211; Pertenencia Institucional.<br \/>\n&#8211; Eje al que se presenta.<br \/>\n&#8211; <em>Resumen de la ponencia<\/em>: m\u00e1ximo 250 palabras en el cuerpo del resumen (sin contar el t\u00edtulo, los\/as autores\/as, la instituci\u00f3n de pertenencia, ni tampoco las palabras clave). En tama\u00f1o A4; m\u00e1rgenes de 2,5 cm; interlineado 1,5; fuente latina Times New Roman 12 y fuente griega compatible con Unicode o LATEX en formato odt, .doc o .docx.<br \/>\n&#8211; 4 Palabras clave.<br \/>\n&#8211; <em>Ponencias completas<\/em>: tendr\u00e1n una extensi\u00f3n m\u00e1xima de 3.000 palabras y ser\u00e1n presentadas en tama\u00f1o A4; m\u00e1rgenes de 2,5 cm; interlineado 1,5; fuente latina Times New Roman 12 y fuente griega compatible con Unicode o LATEX en formato .odt, .doc o .docx. Los trabajos deber\u00e1n contener las siguientes especificaciones:<br \/>\n&#8211; T\u00edtulo.<br \/>\n&#8211; Nombre\/s y Apellido\/s del\/xs autor\/es.<br \/>\n&#8211; Pertenencia institucional.<br \/>\n&#8211; Correo electr\u00f3nico.<br \/>\n&#8211; Eje al que se presenta.<br \/>\n&#8211; Resumen<br \/>\n&#8211; Palabras clave<br \/>\n&#8211; Ponencia completa<br \/>\n&#8211; Se aceptar\u00e1n hasta un m\u00e1ximo de 3 (tres) autores por trabajo. Cada expositor podr\u00e1<br \/>\npresentar como m\u00e1ximo 2 (dos) trabajos, los cuales no podr\u00e1n dirigirse al mismo eje. &#8211;<br \/>\n&#8211; Fecha l\u00edmite de presentaci\u00f3n de res\u00famenes: 11 de marzo.<br \/>\n&#8211; Fecha l\u00edmite de presentaci\u00f3n de trabajos completos: 7 de abril.<\/h5>\n<h5><strong>2. P\u00f3ster<\/strong><\/h5>\n<h5>En esta categor\u00eda podr\u00e1n presentarse experiencias de trabajo cooperativo con organismos p\u00fablicos, privados y\/o asociaciones de base territorial, detallando los contenidos del mismo, as\u00ed como su alcance y evaluaci\u00f3n. Los trabajos deben integrar t\u00f3picos y categor\u00edas espec\u00edficas de la Filosof\u00eda de la Liberaci\u00f3n, y que expresen \u00e1mbitos y espacios propicios para las pr\u00e1cticas liberadoras.<br \/>\nPara participar de esta modalidad deber\u00e1 presentarse un resumen que no debe exceder las 500 palabras, en hoja A4; m\u00e1rgenes de 2,5 cm; interlineado 1,5; fuente latina Times New Roman 12 y fuente griega compatible con Unicode o LATEX en formato .odt, .doc o .docx. Deber\u00e1 cumplir el orden establecido con las siguientes especificaciones:<br \/>\n&#8211; T\u00edtulo.<br \/>\n&#8211; Nombre\/s y Apellido\/s del\/xs autorxs.<br \/>\n&#8211; Correo electr\u00f3nico.<br \/>\n&#8211; Pertenencia Institucional.<br \/>\n&#8211; Se aceptar\u00e1n hasta un m\u00e1ximo de 3 (tres) autores por trabajo.<br \/>\n&#8211; Cada expositor podr\u00e1 presentar como m\u00e1ximo, 2 (dos) trabajos, los cuales no podr\u00e1n dirigirse al<br \/>\nmismo eje.<br \/>\n&#8211; Los p\u00f3ster impresos podr\u00e1n ser presentados el mismo d\u00eda de las acreditaciones del Congreso.<br \/>\n\u25cf Poster impreso: El tama\u00f1o m\u00e1ximo del p\u00f3ster ser\u00e1 de 90 cm de ancho por 120 cm de alto.<br \/>\nContendr\u00e1 las siguientes referencias:<br \/>\n&#8211; En la parte superior: logo o referencia de la instituci\u00f3n perteneciente. &#8211;<br \/>\nT\u00edtulo.<br \/>\n&#8211; Autor\/xs.<br \/>\n&#8211; Instituci\u00f3n que presenta el trabajo.<br \/>\n&#8211; Correo electr\u00f3nico de contacto \/ redes sociales.<br \/>\nEl p\u00f3ster deber\u00e1 incluir la informaci\u00f3n del resumen y podr\u00e1 ir acompa\u00f1ado de dibujos, fotos, gr\u00e1ficos, esquemas, etc., con un dise\u00f1o adecuado que permita la clara visibilizaci\u00f3n de la experiencia.<br \/>\n&#8211; Deber\u00e1 enviarse una copia digitalizada (en formato JPG) del p\u00f3ster impreso.<\/h5>\n<h5><strong>3. Intervenciones art\u00edsticas<\/strong><\/h5>\n<h5>En esta categor\u00eda pueden presentarse muestras pl\u00e1sticas, teatrales, piezas musicales, entre otras expresiones art\u00edsticas. El prop\u00f3sito es poder visibilizar cuestiones identitarias regionales y latinoamericanas, as\u00ed como diversas problem\u00e1ticas sociales. Para participar en esta modalidad lxs artistas deber\u00e1n solicitar un espacio detallando los recursos t\u00e9cnicos necesarios a trav\u00e9s del correo electr\u00f3nico del Congreso. La aceptaci\u00f3n quedar\u00e1 sujeta a la capacidad t\u00e9cnica requerida.<\/h5>\n<h5><strong>4. Talleres y Relato de experiencias<\/strong><\/h5>\n<h5>Los talleres art\u00edsticos\/vivenciales son una experiencia de encuentro, aprendizaje y crecimiento individual y grupal, pensadas desde una perspectiva af\u00edn a la propuesta de la Filosof\u00eda de la Liberaci\u00f3n. En ellos se dar\u00e1 especial importancia a las emociones, sensaciones y sentimientos que se generan, a\u00fan por sobre las ideas. No es lo mismo \u201chablar\u201d acerca de un tema que \u201cexperimentarlo\u201d. Ser\u00e1n espacios donde se plasmen trabajos de campo\/en territorio que posibiliten un aprendizaje profundo de aspectos cr\u00edticos sobre los que se desee debatir y\/o concientizar.<br \/>\nEn el espacio de Relatos de experiencia se narra el acontecer de una experiencia concreta que adquiere una importancia particular, porque nos interpela, nos hace reflexionar y volver sobre<br \/>\nlo hecho, para re-interpretarlo a la luz de los ejes de Filosof\u00eda de la Liberaci\u00f3n que nos propone el Congreso.<br \/>\nPara el env\u00edo de res\u00famenes para cualquiera de las dos modalidades de propuesta se solicitar\u00e1:<br \/>\n&#8211; T\u00edtulo.<br \/>\n&#8211; Nombre\/s y Apellido\/s del\/xs autor\/xs.<br \/>\n&#8211; Correo electr\u00f3nico.<br \/>\n&#8211; Pertenencia Institucional.<br \/>\n&#8211; Eje al que se presenta.<br \/>\n&#8211; Resumen (m\u00e1ximo una carilla) que d\u00e9 cuenta de qu\u00e9 tratar\u00e1 el taller.<br \/>\n&#8211; Palabras clave (m\u00e1ximo 5)<\/h5>\n<h5><strong>6. Presentaci\u00f3n de libros<\/strong><\/h5>\n<h5>Se aceptar\u00e1n presentaciones de libros cuya tem\u00e1tica sea, o se relacione, con la Filosof\u00eda de la Liberaci\u00f3n.<\/h5>\n","protected":false},"excerpt":{"rendered":"<p>1. Ponencias En esta categor\u00eda podr\u00e1n presentarse, ensayos, avances de investigaciones y trabajos de reflexi\u00f3n cr\u00edtica en di\u00e1logo con categor\u00edas o t\u00f3picos de la filosof\u00eda de la Liberaci\u00f3n. Para el env\u00edo de propuestas los res\u00famenes deber\u00e1n cumplir en el orden establecido con las siguientes especificaciones: &#8211; T\u00edtulo. &#8211; Nombre\/s y Apellido\/s del\/xs autor\/xs. &#8211; Correo [&hellip;]<\/p>\n","protected":false},"author":202,"featured_media":0,"parent":0,"menu_order":0,"comment_status":"closed","ping_status":"closed","template":"","meta":{"advgb_blocks_editor_width":"","advgb_blocks_columns_visual_guide":"","footnotes":""},"class_list":["post-20","page","type-page","status-publish","hentry","post"],"aioseo_notices":[],"coauthors":[],"author_meta":{"author_link":"https:\/\/congresos.unlp.edu.ar\/5congresofilosofialiberacion\/author\/ssoler\/","display_name":"ssoler"},"relative_dates":{"created":"Posted 2 a\u00f1os ago","modified":"Updated 2 a\u00f1os ago"},"absolute_dates":{"created":"Posted on 27 febrero, 2024","modified":"Updated on 4 marzo, 2024"},"absolute_dates_time":{"created":"Posted on 27 febrero, 2024 9:42 am","modified":"Updated on 4 marzo, 2024 4:42 pm"},"featured_img_caption":"","featured_img":false,"series_order":"","_links":{"self":[{"href":"https:\/\/congresos.unlp.edu.ar\/5congresofilosofialiberacion\/wp-json\/wp\/v2\/pages\/20","targetHints":{"allow":["GET"]}}],"collection":[{"href":"https:\/\/congresos.unlp.edu.ar\/5congresofilosofialiberacion\/wp-json\/wp\/v2\/pages"}],"about":[{"href":"https:\/\/congresos.unlp.edu.ar\/5congresofilosofialiberacion\/wp-json\/wp\/v2\/types\/page"}],"author":[{"embeddable":true,"href":"https:\/\/congresos.unlp.edu.ar\/5congresofilosofialiberacion\/wp-json\/wp\/v2\/users\/202"}],"replies":[{"embeddable":true,"href":"https:\/\/congresos.unlp.edu.ar\/5congresofilosofialiberacion\/wp-json\/wp\/v2\/comments?post=20"}],"version-history":[{"count":0,"href":"https:\/\/congresos.unlp.edu.ar\/5congresofilosofialiberacion\/wp-json\/wp\/v2\/pages\/20\/revisions"}],"wp:attachment":[{"href":"https:\/\/congresos.unlp.edu.ar\/5congresofilosofialiberacion\/wp-json\/wp\/v2\/media?parent=20"}],"curies":[{"name":"wp","href":"https:\/\/api.w.org\/{rel}","templated":true}]}}