{"id":16,"date":"2024-02-27T09:42:46","date_gmt":"2024-02-27T12:42:46","guid":{"rendered":"https:\/\/congresos.unlp.edu.ar\/5congresofilosofialiberacion\/?page_id=16"},"modified":"2024-03-01T16:57:29","modified_gmt":"2024-03-01T19:57:29","slug":"destinatarios","status":"publish","type":"page","link":"https:\/\/congresos.unlp.edu.ar\/5congresofilosofialiberacion\/destinatarios\/","title":{"rendered":"Destinatarios"},"content":{"rendered":"<h4>Estudiantes, docentes e investigadorxs universitarixs y no universitarixs del \u00e1rea de las Humanidades, las Ciencias Sociales, Jur\u00eddicas, Pol\u00edticas, Econ\u00f3micas, la Historia, la Pedagog\u00eda y Art\u00edstica. Trabajadorxs del sector p\u00fablico, y actorxs sociales vinculadxs a organizaciones de base territorial, comunitarias, sexogen\u00e9ricas, sindicales, fundaciones y asociaciones civiles.<\/h4>\n","protected":false},"excerpt":{"rendered":"<p>Estudiantes, docentes e investigadorxs universitarixs y no universitarixs del \u00e1rea de las Humanidades, las Ciencias Sociales, Jur\u00eddicas, Pol\u00edticas, Econ\u00f3micas, la Historia, la Pedagog\u00eda y Art\u00edstica. Trabajadorxs del sector p\u00fablico, y actorxs sociales vinculadxs a organizaciones de base territorial, comunitarias, sexogen\u00e9ricas, sindicales, fundaciones y asociaciones civiles.<\/p>\n","protected":false},"author":202,"featured_media":0,"parent":0,"menu_order":0,"comment_status":"closed","ping_status":"closed","template":"","meta":{"advgb_blocks_editor_width":"","advgb_blocks_columns_visual_guide":"","footnotes":""},"class_list":["post-16","page","type-page","status-publish","hentry","post"],"aioseo_notices":[],"coauthors":[],"author_meta":{"author_link":"https:\/\/congresos.unlp.edu.ar\/5congresofilosofialiberacion\/author\/ssoler\/","display_name":"ssoler"},"relative_dates":{"created":"Posted 2 a\u00f1os ago","modified":"Updated 2 a\u00f1os ago"},"absolute_dates":{"created":"Posted on 27 febrero, 2024","modified":"Updated on 1 marzo, 2024"},"absolute_dates_time":{"created":"Posted on 27 febrero, 2024 9:42 am","modified":"Updated on 1 marzo, 2024 4:57 pm"},"featured_img_caption":"","featured_img":false,"series_order":"","_links":{"self":[{"href":"https:\/\/congresos.unlp.edu.ar\/5congresofilosofialiberacion\/wp-json\/wp\/v2\/pages\/16","targetHints":{"allow":["GET"]}}],"collection":[{"href":"https:\/\/congresos.unlp.edu.ar\/5congresofilosofialiberacion\/wp-json\/wp\/v2\/pages"}],"about":[{"href":"https:\/\/congresos.unlp.edu.ar\/5congresofilosofialiberacion\/wp-json\/wp\/v2\/types\/page"}],"author":[{"embeddable":true,"href":"https:\/\/congresos.unlp.edu.ar\/5congresofilosofialiberacion\/wp-json\/wp\/v2\/users\/202"}],"replies":[{"embeddable":true,"href":"https:\/\/congresos.unlp.edu.ar\/5congresofilosofialiberacion\/wp-json\/wp\/v2\/comments?post=16"}],"version-history":[{"count":0,"href":"https:\/\/congresos.unlp.edu.ar\/5congresofilosofialiberacion\/wp-json\/wp\/v2\/pages\/16\/revisions"}],"wp:attachment":[{"href":"https:\/\/congresos.unlp.edu.ar\/5congresofilosofialiberacion\/wp-json\/wp\/v2\/media?parent=16"}],"curies":[{"name":"wp","href":"https:\/\/api.w.org\/{rel}","templated":true}]}}