{"id":343,"date":"2022-09-15T08:15:09","date_gmt":"2022-09-15T11:15:09","guid":{"rendered":"https:\/\/congresos.unlp.edu.ar\/1cipmus\/?page_id=343"},"modified":"2023-03-21T21:59:49","modified_gmt":"2023-03-22T00:59:49","slug":"datas-importantes-2","status":"publish","type":"page","link":"https:\/\/congresos.unlp.edu.ar\/1cipmus\/datas-importantes-2\/?lang=pt-br","title":{"rendered":"Datas Importantes"},"content":{"rendered":"<h6>\u00ad<\/h6>\n<header class=\"entry-header\">\n<h1 class=\"entry-title\">Datas Importantes<\/h1>\n<\/header>\n<div class=\"entry-content\">\n<h3>Prazo para\u00a0<strong>envio de propostas<\/strong>: de 1 de novembro de 2022 at\u00e9 10 de fevereiro de 2023<\/h3>\n<h3>Divulga\u00e7\u00e3o dos\u00a0<strong>resultados das avalia\u00e7\u00f5es:<\/strong>\u00a06 de mar\u00e7o de 2023<\/h3>\n<h3><strong>Inscri\u00e7\u00e3o no congresso<\/strong>: a partir de 1 de mar\u00e7o de 2023<\/h3>\n<h3><strong>Data do congresso:<\/strong> 12 a 15 de abril de 2023<\/h3>\n<\/div>\n<h3>As <strong>inscri\u00e7\u00f5es para ouvintes<\/strong> estar\u00e3o dispon\u00edveis at\u00e9 <strong>10 de abril.<\/strong><\/h3>\n<p>&nbsp;<\/p>\n","protected":false},"excerpt":{"rendered":"<p>\u00ad Datas Importantes Prazo para\u00a0envio de propostas: de 1 de novembro de 2022 at\u00e9 10 de fevereiro de 2023 Divulga\u00e7\u00e3o dos\u00a0resultados das avalia\u00e7\u00f5es:\u00a06 de mar\u00e7o de 2023 Inscri\u00e7\u00e3o no congresso: a partir de 1 de mar\u00e7o de 2023 Data do congresso: 12 a 15 de abril de 2023 As inscri\u00e7\u00f5es para ouvintes estar\u00e3o dispon\u00edveis at\u00e9 [&hellip;]<\/p>\n","protected":false},"author":156,"featured_media":0,"parent":0,"menu_order":0,"comment_status":"closed","ping_status":"closed","template":"","meta":{"advgb_blocks_editor_width":"","advgb_blocks_columns_visual_guide":"","footnotes":""},"class_list":["post-343","page","type-page","status-publish","hentry","post"],"aioseo_notices":[],"coauthors":[],"author_meta":{"author_link":"https:\/\/congresos.unlp.edu.ar\/1cipmus\/author\/pereiraghiena\/","display_name":"pereiraghiena"},"relative_dates":{"created":"Publicado 4 a\u00f1os hace","modified":"Actualizado 3 a\u00f1os hace"},"absolute_dates":{"created":"Publicado el 15\/09\/2022","modified":"Actualizado el 21\/03\/2023"},"absolute_dates_time":{"created":"Publicado el 15\/09\/2022 8:15 AM","modified":"Actualizado el 21\/03\/2023 9:59 PM"},"featured_img_caption":"","featured_img":false,"series_order":"","_links":{"self":[{"href":"https:\/\/congresos.unlp.edu.ar\/1cipmus\/wp-json\/wp\/v2\/pages\/343","targetHints":{"allow":["GET"]}}],"collection":[{"href":"https:\/\/congresos.unlp.edu.ar\/1cipmus\/wp-json\/wp\/v2\/pages"}],"about":[{"href":"https:\/\/congresos.unlp.edu.ar\/1cipmus\/wp-json\/wp\/v2\/types\/page"}],"author":[{"embeddable":true,"href":"https:\/\/congresos.unlp.edu.ar\/1cipmus\/wp-json\/wp\/v2\/users\/156"}],"replies":[{"embeddable":true,"href":"https:\/\/congresos.unlp.edu.ar\/1cipmus\/wp-json\/wp\/v2\/comments?post=343"}],"version-history":[{"count":0,"href":"https:\/\/congresos.unlp.edu.ar\/1cipmus\/wp-json\/wp\/v2\/pages\/343\/revisions"}],"wp:attachment":[{"href":"https:\/\/congresos.unlp.edu.ar\/1cipmus\/wp-json\/wp\/v2\/media?parent=343"}],"curies":[{"name":"wp","href":"https:\/\/api.w.org\/{rel}","templated":true}]}}