{"id":76,"date":"2019-08-29T11:59:26","date_gmt":"2019-08-29T14:59:26","guid":{"rendered":"http:\/\/congresos.unlp.edu.ar\/12caas\/?page_id=76"},"modified":"2022-06-21T10:50:28","modified_gmt":"2022-06-21T13:50:28","slug":"novedades","status":"publish","type":"page","link":"https:\/\/congresos.unlp.edu.ar\/12caas\/novedades\/","title":{"rendered":"Novedades"},"content":{"rendered":"<div id=\"pl-76\"  class=\"panel-layout\" ><div id=\"pg-76-0\"  class=\"panel-grid panel-no-style\" ><div id=\"pgc-76-0-0\"  class=\"panel-grid-cell\" ><div id=\"panel-76-0-0-0\" class=\"so-panel widget widget_sow-editor panel-first-child\" data-index=\"0\" ><div\n\t\t\t\n\t\t\tclass=\"so-widget-sow-editor so-widget-sow-editor-base\"\n\t\t\t\n\t\t><h3 class=\"widget-title\">\ud83d\udcd6 Actas publicadas del 12 CAAS       <\/h3>\n<div class=\"siteorigin-widget-tinymce textwidget\">\n\t<p style=\"text-align: right\">21\/7\/22<\/p>\n<p style=\"text-align: left\">Ya se encuentran disponibles las ponencias, paneles y conferencias en SEDICI, el repositorio de la UNLP.<\/p>\n<p style=\"text-align: left\">M\u00e1s informaci\u00f3n <a href=\"https:\/\/congresos.unlp.edu.ar\/12caas\/actas\/\"><strong>aqu\u00ed<\/strong><\/a>.<\/p>\n<hr \/>\n<div><\/div>\n<\/div>\n<\/div><\/div><div id=\"panel-76-0-0-1\" class=\"so-panel widget widget_sow-editor\" data-index=\"1\" ><div\n\t\t\t\n\t\t\tclass=\"so-widget-sow-editor so-widget-sow-editor-base\"\n\t\t\t\n\t\t><h3 class=\"widget-title\">\ud83d\ude4c Se encuentra publicado el programa completo de la segunda etapa (septiembre 2021) del 12\u00ba CAAS           <\/h3>\n<div class=\"siteorigin-widget-tinymce textwidget\">\n\t<p style=\"text-align: right\">22\/8\/21<\/p>\n<h5 style=\"text-align: center\"><a href=\"http:\/\/congresos.unlp.edu.ar\/12caas\/wp-content\/uploads\/sites\/10\/2021\/08\/12CAAS_Programa_2da_etapa_completo.pdf\">Programa completo de la 2\u00aa etapa<\/a><\/h5>\n<hr \/>\n<p>&nbsp;<\/p>\n<\/div>\n<\/div><\/div><div id=\"panel-76-0-0-2\" class=\"so-panel widget widget_sow-editor\" data-index=\"2\" ><div\n\t\t\t\n\t\t\tclass=\"so-widget-sow-editor so-widget-sow-editor-base\"\n\t\t\t\n\t\t><h3 class=\"widget-title\">\ud83d\ude4c \u00daltima pr\u00f3rroga para el env\u00edo de ponencias completas                <\/h3>\n<div class=\"siteorigin-widget-tinymce textwidget\">\n\t<p style=\"text-align: right\">5\/07\/21<\/p>\n<p>Informamos que se extiende el plazo para el env\u00edo de ponencias completas <strong>hasta el 12 de julio de 2021.<\/strong><\/p>\n<hr \/>\n<p>&nbsp;<\/p>\n<\/div>\n<\/div><\/div><div id=\"panel-76-0-0-3\" class=\"so-panel widget widget_sow-editor\" data-index=\"3\" ><div\n\t\t\t\n\t\t\tclass=\"so-widget-sow-editor so-widget-sow-editor-base\"\n\t\t\t\n\t\t><h3 class=\"widget-title\">Novena Circular         <\/h3>\n<div class=\"siteorigin-widget-tinymce textwidget\">\n\t<p style=\"text-align: right\">31\/05\/21<\/p>\n<p>Est\u00e1 disponible la 9na circular del CAAS. En la misma se extiende el plazo para el env\u00edo de ponencias completas y se anuncia la realizaci\u00f3n de la segunda etapa (GTs y otras actividades) en modalidad virtual.<\/p>\n<p>Ya falta menos para que empiece el Congreso! Te esperamos ma\u00f1ana en nuestro canal de YouTube!<\/p>\n<hr \/>\n<p>&nbsp;<\/p>\n<\/div>\n<\/div><\/div><div id=\"panel-76-0-0-4\" class=\"so-panel widget widget_sow-editor\" data-index=\"4\" ><div\n\t\t\t\n\t\t\tclass=\"so-widget-sow-editor so-widget-sow-editor-base\"\n\t\t\t\n\t\t><h3 class=\"widget-title\">Pr\u00f3rroga para el env\u00edo de ponencias completas                <\/h3>\n<div class=\"siteorigin-widget-tinymce textwidget\">\n\t<p style=\"text-align: right\">31\/05\/21<\/p>\n<p>Informamos que se extiende el plazo para el env\u00edo de ponencias completas hasta el 5 de julio de 2021.<\/p>\n<p>Ya falta menos para que empiece el Congreso!<\/p>\n<hr \/>\n<p>&nbsp;<\/p>\n<\/div>\n<\/div><\/div><div id=\"panel-76-0-0-5\" class=\"so-panel widget widget_sow-editor\" data-index=\"5\" ><div\n\t\t\t\n\t\t\tclass=\"so-widget-sow-editor so-widget-sow-editor-base\"\n\t\t\t\n\t\t><h3 class=\"widget-title\">\u00a1Ya est\u00e1 disponible el programa del Congreso!                          <\/h3>\n<div class=\"siteorigin-widget-tinymce textwidget\">\n\t<p style=\"text-align: right\">21\/05\/21<\/p>\n<p>\u00a1Ya est\u00e1 disponible el programa de la primera etapa del CAAS!<\/p>\n<p>Enterate de todas las conferencias, paneles, conversatorios y el ciclo de cine haciendo click <a href=\"https:\/\/congresos.unlp.edu.ar\/12caas\/congreso\/programa\/\"><strong>ac\u00e1<\/strong><\/a>.<\/p>\n<p>Todas las actividades se realizar\u00e1n por nuestro canal de YouTube, te invitamos a suscribirte y a activar las notificaciones!<\/p>\n<p>Ya falta menos para que empiece el Congreso!<\/p>\n<hr \/>\n<p>&nbsp;<\/p>\n<\/div>\n<\/div><\/div><div id=\"panel-76-0-0-6\" class=\"so-panel widget widget_sow-editor\" data-index=\"6\" ><div\n\t\t\t\n\t\t\tclass=\"so-widget-sow-editor so-widget-sow-editor-base\"\n\t\t\t\n\t\t><h3 class=\"widget-title\">Hasta siempre Alcira querida                                    <\/h3>\n<div class=\"siteorigin-widget-tinymce textwidget\">\n\t<p style=\"text-align: right\">02\/05\/21<\/p>\n<p>Desde el 12 CAAS\u00a0lamentamos profundamente el fallecimiento de Alcira Argumedo, soci\u00f3loga, docente, ex diputada de la Naci\u00f3n y por sobre todo una gran compa\u00f1era y colega.<\/p>\n<p>Su trabajo te\u00f3rico se nutre del nacionalismo popular y de la teor\u00eda cr\u00edtica latinoamericana para dar luz a la categor\u00eda \u201cmatriz de pensamiento\u201d, que confronta las europeas y estadounidenses con nuestras propias expresiones populares latinoamericanas.<\/p>\n<p>Alcira iba a ser panelista del Congreso el mes pr\u00f3ximo, y ya ten\u00eda preparada su ponencia: \u201cRa\u00edces ancestrales del racismo en la cultura occidental y ra\u00edces ancestrales del humanismo en las tradiciones ind\u00edgenas y populares de Am\u00e9rica Latina\u201d.<\/p>\n<p>Enviamos nuestras condolencias a sus familiares y personas allegadas.<\/p>\n<hr \/>\n<p>&nbsp;<\/p>\n<\/div>\n<\/div><\/div><div id=\"panel-76-0-0-7\" class=\"so-panel widget widget_sow-editor\" data-index=\"7\" ><div\n\t\t\t\n\t\t\tclass=\"so-widget-sow-editor so-widget-sow-editor-base\"\n\t\t\t\n\t\t><h3 class=\"widget-title\">Inscripci\u00f3n de asistentes                                           <\/h3>\n<div class=\"siteorigin-widget-tinymce textwidget\">\n\t<p style=\"text-align: right\">25\/04\/21<\/p>\n<p>Ya est\u00e1 disponible el formulario de inscripci\u00f3n para asistentes. Para acceder, <a href=\"https:\/\/congresos.unlp.edu.ar\/12caas\/inscripcion-y-pagos\/formulario-de-inscripcion\/\">hac\u00e9 click aqu\u00ed.<\/a><\/p>\n<hr \/>\n<p>&nbsp;<\/p>\n<\/div>\n<\/div><\/div><div id=\"panel-76-0-0-8\" class=\"so-panel widget widget_sow-editor\" data-index=\"8\" ><div\n\t\t\t\n\t\t\tclass=\"so-widget-sow-editor so-widget-sow-editor-base\"\n\t\t\t\n\t\t><h3 class=\"widget-title\">Conferencias magistrales y paneles                                              <\/h3>\n<div class=\"siteorigin-widget-tinymce textwidget\">\n\t<p style=\"text-align: right\">22\/04\/21<\/p>\n<p>Ya est\u00e1n disponibles las fechas y lxs expositorxs del <a href=\"https:\/\/congresos.unlp.edu.ar\/12caas\/congreso\/conferencias\/\">Acto de Apertura, Conferencias Magistrales<\/a> y <a href=\"https:\/\/congresos.unlp.edu.ar\/12caas\/congreso\/paneles\/\">Paneles<\/a>.<\/p>\n<hr \/>\n<p>&nbsp;<\/p>\n<\/div>\n<\/div><\/div><div id=\"panel-76-0-0-9\" class=\"so-panel widget widget_sow-editor\" data-index=\"9\" ><div\n\t\t\t\n\t\t\tclass=\"so-widget-sow-editor so-widget-sow-editor-base\"\n\t\t\t\n\t\t><h3 class=\"widget-title\">OCTAVA CIRCULAR                                                  <\/h3>\n<div class=\"siteorigin-widget-tinymce textwidget\">\n\t<p style=\"text-align: right\">27\/03\/21<\/p>\n<p>Ya est\u00e1 disponible la <a href=\"https:\/\/congresos.unlp.edu.ar\/12caas\/circulares\/\">Octava Circular<\/a>, en donde se comunican los nuevos montos de inscripci\u00f3n. Asimismo, en la secci\u00f3n de <a href=\"https:\/\/congresos.unlp.edu.ar\/12caas\/inscripciones\/\">Inscripci\u00f3n y pagos<\/a> podr\u00e1n encontrar el link de pago y un instructivo para realizarlo.<\/p>\n<p style=\"text-align: left\">\n<hr \/>\n<p>&nbsp;<\/p>\n<\/div>\n<\/div><\/div><div id=\"panel-76-0-0-10\" class=\"so-panel widget widget_sow-editor\" data-index=\"10\" ><div\n\t\t\t\n\t\t\tclass=\"so-widget-sow-editor so-widget-sow-editor-base\"\n\t\t\t\n\t\t><h3 class=\"widget-title\">S\u00c9PTIMA CIRCULAR                                                  <\/h3>\n<div class=\"siteorigin-widget-tinymce textwidget\">\n\t<p style=\"text-align: right\">21\/12\/20<\/p>\n<p style=\"text-align: left\">Compartimos la <a href=\"http:\/\/congresos.unlp.edu.ar\/12caas\/circulares\/\">S\u00e9ptima Circular<\/a> donde se comunica la decisi\u00f3n de <strong>reorganizar el evento en un formato mixto, con instancias\u00a0virtuales y presenciales<\/strong> en meses diferentes:\u00a0el 12\u00ba CAAS iniciar\u00e1 en junio y finalizar\u00e1 el 9 de septiembre de\u00a02021. Adem\u00e1s, en la circular se encuentra informaci\u00f3n de fechas y pautas para:\u00a0RES\u00daMENES (nueva apertura de recepci\u00f3n HASTA EL 22 DE MARZO DE 2021) y\u00a0PONENCIAS.<\/p>\n<hr \/>\n<p>&nbsp;<\/p>\n<\/div>\n<\/div><\/div><div id=\"panel-76-0-0-11\" class=\"so-panel widget widget_sow-editor\" data-index=\"11\" ><div\n\t\t\t\n\t\t\tclass=\"so-widget-sow-editor so-widget-sow-editor-base\"\n\t\t\t\n\t\t><h3 class=\"widget-title\">ATENCI\u00d3N  - SUSPENSI\u00d3N DEL 12 CAAS                                                     <\/h3>\n<div class=\"siteorigin-widget-tinymce textwidget\">\n\t<p style=\"text-align: right\">12\/10\/2020<\/p>\n<p>Ante la situaci\u00f3n socio-sanitaria actual y en virtud de las disposiciones de la UNLP en relaci\u00f3n al funcionamiento mayoritario no presencial para el primer cuatrimestre del 2021, el Comit\u00e9 Organizador del 12\u00aa Congreso Argentino de Antropolog\u00eda Social \"El qu\u00e9 hacer antropol\u00f3gico: controversias, di\u00e1logos y compromiso social\" ha tomado la decisi\u00f3n de SUSPENDER la realizaci\u00f3n del congreso prevista para el mes de abril de 2021, tal como fuera programado.<br \/>\nEs nuestro inter\u00e9s promover la presencialidad y sostener nuestro compromiso con la comunidad de participantes. Es por eso que se han iniciado las tratativas para REPROGRAMAR el evento combinando las modalidades virtual y presencial. En la <a href=\"http:\/\/congresos.unlp.edu.ar\/12caas\/circulares\/\">SEXTA circular<\/a> podr\u00e1s encontrar mayor informaci\u00f3n sobre los pagos, ponencias y res\u00famenes enviados y posibles fechas.<\/p>\n<hr \/>\n<p>&nbsp;<\/p>\n<\/div>\n<\/div><\/div><div id=\"panel-76-0-0-12\" class=\"so-panel widget widget_sow-editor\" data-index=\"12\" ><div\n\t\t\t\n\t\t\tclass=\"so-widget-sow-editor so-widget-sow-editor-base\"\n\t\t\t\n\t\t><h3 class=\"widget-title\">ATENCI\u00d3N  - NUEVA FECHA DEL 12 CAAS                                                     <\/h3>\n<div class=\"siteorigin-widget-tinymce textwidget\">\n\t<p style=\"text-align: right\">28\/7\/2020<\/p>\n<p>El Comit\u00e9 Organizador del 12\u00aa Congreso Argentino de Antropolog\u00eda Social \"El qu\u00e9-hacer antropol\u00f3gico: controversias, di\u00e1logos y compromiso social\", reunido con el fin de analizar la situaci\u00f3n socio-sanitaria actual y su proyecci\u00f3n, ha tomado la decisi\u00f3n de REPROGRAMAR la realizaci\u00f3n del evento. La nueva fecha de apertura ser\u00e1 el 20 de abril y la de cierre el 23 de abril de 2021.<\/p>\n<p>Tambi\u00e9n se han modificado las fechas de inscripci\u00f3n.<\/p>\n<p>Asimismo, nos complace informar que la Sociedad Argentina de Antropolog\u00eda, el Colegio de Graduados en Antropolog\u00eda de Jujuy y la Asociaci\u00f3n de Antropolog\u00eda de Rosario se han incorporado como instituciones auspiciantes del Congreso y que sus socixs podr\u00e1n acceder a descuentos en los costos de inscripci\u00f3n.<\/p>\n<p>Publicaremos la Quinta Circular a la brevedad.<\/p>\n<p>&nbsp;<\/p>\n<hr \/>\n<p>&nbsp;<\/p>\n<\/div>\n<\/div><\/div><div id=\"panel-76-0-0-13\" class=\"so-panel widget widget_sow-editor\" data-index=\"13\" ><div\n\t\t\t\n\t\t\tclass=\"so-widget-sow-editor so-widget-sow-editor-base\"\n\t\t\t\n\t\t><h3 class=\"widget-title\">ATENCI\u00d3N  - SUSPENSI\u00d3N DEL 12 CAAS                                                     <\/h3>\n<div class=\"siteorigin-widget-tinymce textwidget\">\n\t<p style=\"text-align: right\">24\/4\/2020<\/p>\n<p>El Comit\u00e9 Organizador del 12\u00aa Congreso Argentino de Antropolog\u00eda Social \"El qu\u00e9-hacer antropol\u00f3gico: controversias, di\u00e1logos y compromiso social\", reunido con el fin de analizar la situaci\u00f3n socio-sanitaria actual y su proyecci\u00f3n, ha tomado la decisi\u00f3n de SUSPENDER la realizaci\u00f3n programada para septiembre de 2020.<\/p>\n<p>Se han iniciado las tratativas para REPROGRAMAR el evento para el primer semestre de 2021.<\/p>\n<p>Texto completo del comunicado en la <a href=\"https:\/\/drive.google.com\/open?id=1ZAe5mMEdxb4djDb0l_KBILkXbRGl-nYF\">Cuarta Circular<\/a>.<\/p>\n<p>&nbsp;<\/p>\n<hr \/>\n<p>&nbsp;<\/p>\n<\/div>\n<\/div><\/div><div id=\"panel-76-0-0-14\" class=\"so-panel widget widget_sow-editor\" data-index=\"14\" ><div\n\t\t\t\n\t\t\tclass=\"so-widget-sow-editor so-widget-sow-editor-base\"\n\t\t\t\n\t\t><h3 class=\"widget-title\">TERCERA CIRCULAR                                                            <\/h3>\n<div class=\"siteorigin-widget-tinymce textwidget\">\n\t<p>Ya est\u00e1 disponible la <a href=\"http:\/\/congresos.unlp.edu.ar\/12caas\/circulares\/\">Tercera Circular<\/a>.<\/p>\n<p>&nbsp;<\/p>\n<hr \/>\n<p>&nbsp;<\/p>\n<\/div>\n<\/div><\/div><div id=\"panel-76-0-0-15\" class=\"so-panel widget widget_sow-editor\" data-index=\"15\" ><div\n\t\t\t\n\t\t\tclass=\"so-widget-sow-editor so-widget-sow-editor-base\"\n\t\t\t\n\t\t><h3 class=\"widget-title\">ATENCI\u00d3N                                                                       <\/h3>\n<div class=\"siteorigin-widget-tinymce textwidget\">\n\t<p>Se extiende <span style=\"color: #008080\">hasta el 30\/3 <\/span>el plazo de presentaci\u00f3n de res\u00famenes.<\/p>\n<p>Se extiende <span style=\"color: #008080\">hasta el 6\/4<\/span> el plazo para enviar propuestas a la muestra de fotograf\u00eda y cine antropol\u00f3gico.<\/p>\n<p>&nbsp;<\/p>\n<hr \/>\n<p>&nbsp;<\/p>\n<\/div>\n<\/div><\/div><div id=\"panel-76-0-0-16\" class=\"so-panel widget widget_sow-editor\" data-index=\"16\" ><div\n\t\t\t\n\t\t\tclass=\"so-widget-sow-editor so-widget-sow-editor-base\"\n\t\t\t\n\t\t><h3 class=\"widget-title\">Para estudiantes                                                        <\/h3>\n<div class=\"siteorigin-widget-tinymce textwidget\">\n\t<p>En la p\u00e1gina\u00a0<a href=\"http:\/\/congresos.unlp.edu.ar\/12caas\/estudiantil\/\" target=\"_blank\" rel=\"noopener\">Estudiantil<\/a> hay disponible un formulario destinado a relevar informaci\u00f3n sobre el alojamiento para lxs estudiantes que asistan al 12\u00ba CAAS.<\/p>\n<p>&nbsp;<\/p>\n<hr \/>\n<p>&nbsp;<\/p>\n<\/div>\n<\/div><\/div><div id=\"panel-76-0-0-17\" class=\"so-panel widget widget_sow-editor\" data-index=\"17\" ><div\n\t\t\t\n\t\t\tclass=\"so-widget-sow-editor so-widget-sow-editor-base\"\n\t\t\t\n\t\t><h3 class=\"widget-title\">SEGUNDA CIRCULAR                                                                     <\/h3>\n<div class=\"siteorigin-widget-tinymce textwidget\">\n\t<p>Est\u00e1 disponible la\u00a0 <a href=\"http:\/\/congresos.unlp.edu.ar\/12caas\/circulares\/\">Segunda Circular<\/a> del 12\u00ba CAAS.<\/p>\n<p>&nbsp;<\/p>\n<hr \/>\n<p>&nbsp;<\/p>\n<\/div>\n<\/div><\/div><div id=\"panel-76-0-0-18\" class=\"so-panel widget widget_sow-editor panel-last-child\" data-index=\"18\" ><div\n\t\t\t\n\t\t\tclass=\"so-widget-sow-editor so-widget-sow-editor-base\"\n\t\t\t\n\t\t><h3 class=\"widget-title\">Declaraci\u00f3n de Inter\u00e9s Acad\u00e9mico<\/h3>\n<div class=\"siteorigin-widget-tinymce textwidget\">\n\t<p>El pasado 16 de octubre, la <a href=\"https:\/\/unlp.edu.ar\/\">Universidad Nacional de La Plata<\/a> ha declarado al 12\u00b0 CAAS como evento de inter\u00e9s acad\u00e9mico.<\/p>\n<p>&nbsp;<\/p>\n<hr \/>\n<p>&nbsp;<\/p>\n<\/div>\n<\/div><\/div><\/div><\/div><\/div>","protected":false},"excerpt":{"rendered":"<p>21\/7\/22 Ya se encuentran disponibles las ponencias, paneles y conferencias en SEDICI, el repositorio de la UNLP. M\u00e1s informaci\u00f3n aqu\u00ed. 22\/8\/21 Programa completo de la 2\u00aa etapa &nbsp; 5\/07\/21 Informamos que se extiende el plazo para el env\u00edo de ponencias completas hasta el 12 de julio de 2021. &nbsp; 31\/05\/21 Est\u00e1 disponible la 9na circular [&hellip;]<\/p>\n","protected":false},"author":21,"featured_media":0,"parent":0,"menu_order":1,"comment_status":"closed","ping_status":"closed","template":"home-panels.php","meta":{"advgb_blocks_editor_width":"","advgb_blocks_columns_visual_guide":"","footnotes":""},"class_list":["post-76","page","type-page","status-publish","hentry","post"],"aioseo_notices":[],"coauthors":[],"author_meta":{"author_link":"https:\/\/congresos.unlp.edu.ar\/12caas\/author\/irobia\/","display_name":"Ivone"},"relative_dates":{"created":"Publicado 7 a\u00f1os hace","modified":"Actualizado 4 a\u00f1os hace"},"absolute_dates":{"created":"Publicado el 29\/08\/2019","modified":"Actualizado el 21\/06\/2022"},"absolute_dates_time":{"created":"Publicado el 29\/08\/2019 11:59 am","modified":"Actualizado el 21\/06\/2022 10:50 am"},"featured_img_caption":"","featured_img":false,"series_order":"","_links":{"self":[{"href":"https:\/\/congresos.unlp.edu.ar\/12caas\/wp-json\/wp\/v2\/pages\/76","targetHints":{"allow":["GET"]}}],"collection":[{"href":"https:\/\/congresos.unlp.edu.ar\/12caas\/wp-json\/wp\/v2\/pages"}],"about":[{"href":"https:\/\/congresos.unlp.edu.ar\/12caas\/wp-json\/wp\/v2\/types\/page"}],"author":[{"embeddable":true,"href":"https:\/\/congresos.unlp.edu.ar\/12caas\/wp-json\/wp\/v2\/users\/21"}],"replies":[{"embeddable":true,"href":"https:\/\/congresos.unlp.edu.ar\/12caas\/wp-json\/wp\/v2\/comments?post=76"}],"version-history":[{"count":0,"href":"https:\/\/congresos.unlp.edu.ar\/12caas\/wp-json\/wp\/v2\/pages\/76\/revisions"}],"wp:attachment":[{"href":"https:\/\/congresos.unlp.edu.ar\/12caas\/wp-json\/wp\/v2\/media?parent=76"}],"curies":[{"name":"wp","href":"https:\/\/api.w.org\/{rel}","templated":true}]}}