{"id":6,"date":"2019-08-23T14:50:44","date_gmt":"2019-08-23T17:50:44","guid":{"rendered":"http:\/\/congresos.unlp.edu.ar\/xiicaas\/?page_id=6"},"modified":"2022-06-21T06:19:42","modified_gmt":"2022-06-21T09:19:42","slug":"inicio","status":"publish","type":"page","link":"https:\/\/congresos.unlp.edu.ar\/12caas\/","title":{"rendered":"Inicio"},"content":{"rendered":"<div id=\"pl-6\"  class=\"panel-layout\" ><div id=\"pg-6-0\"  class=\"panel-grid panel-no-style\" ><div id=\"pgc-6-0-0\"  class=\"panel-grid-cell\" ><div id=\"panel-6-0-0-0\" class=\"so-panel widget widget_sow-social-media-buttons panel-first-child panel-last-child\" data-index=\"0\" ><div\n\t\t\t\n\t\t\tclass=\"so-widget-sow-social-media-buttons so-widget-sow-social-media-buttons-wire-dedb2a7142dd-6\"\n\t\t\t\n\t\t>\n<h3 class=\"widget-title\">Nuestras redes sociales<\/h3>\n<div class=\"social-media-button-container\">\n\t\n\t\t<a \n\t\tclass=\"ow-button-hover sow-social-media-button-instagram-0 sow-social-media-button\" title=\"12caas\" aria-label=\"12caas\" target=\"_blank\" rel=\"noopener noreferrer\" href=\"https:\/\/www.instagram.com\/12caas\/\" \t\t>\n\t\t\t<span>\n\t\t\t\t\t\t\t\t<span class=\"sow-icon-fontawesome sow-fab\" data-sow-icon=\"&#xf16d;\"\n\t\t \n\t\taria-hidden=\"true\"><\/span>\t\t\t\t\t\t\t<\/span>\n\t\t<\/a>\n\t\n\t\t<a \n\t\tclass=\"ow-button-hover sow-social-media-button-facebook-0 sow-social-media-button\" title=\"12caas\" aria-label=\"12caas\" target=\"_blank\" rel=\"noopener noreferrer\" href=\"https:\/\/www.facebook.com\/pages\/category\/Event\/12caas-103618617741582\/\" \t\t>\n\t\t\t<span>\n\t\t\t\t\t\t\t\t<span class=\"sow-icon-fontawesome sow-fab\" data-sow-icon=\"&#xf39e;\"\n\t\t \n\t\taria-hidden=\"true\"><\/span>\t\t\t\t\t\t\t<\/span>\n\t\t<\/a>\n\t\n\t\t<a \n\t\tclass=\"ow-button-hover sow-social-media-button-x-twitter-0 sow-social-media-button\" title=\"@12CAAS_LaPlata\" aria-label=\"@12CAAS_LaPlata\" target=\"_blank\" rel=\"noopener noreferrer\" href=\"https:\/\/twitter.com\/12CAAS_LaPlata\" \t\t>\n\t\t\t<span>\n\t\t\t\t\t\t\t\t<span class=\"sow-icon-fontawesome sow-fab\" data-sow-icon=\"&#xe61b;\"\n\t\t \n\t\taria-hidden=\"true\"><\/span>\t\t\t\t\t\t\t<\/span>\n\t\t<\/a>\n\t\n\t\t<a \n\t\tclass=\"ow-button-hover sow-social-media-button-youtube-0 sow-social-media-button\" title=\"12\u00ba CONGRESO ARGENTINO DE ANTROPOLOG\u00cdA SOCIAL: &quot;El qu\u00e9-hacer antropol\u00f3gico: controversias, di\u00e1logos y compromiso social&quot; en Youtube\" aria-label=\"12\u00ba CONGRESO ARGENTINO DE ANTROPOLOG\u00cdA SOCIAL: &quot;El qu\u00e9-hacer antropol\u00f3gico: controversias, di\u00e1logos y compromiso social&quot; en Youtube\" target=\"_blank\" rel=\"noopener noreferrer\" href=\"https:\/\/www.youtube.com\/channel\/UCjpVXDXB_REdK8-jiHEWGyQ\" \t\t>\n\t\t\t<span>\n\t\t\t\t\t\t\t\t<span class=\"sow-icon-fontawesome sow-fab\" data-sow-icon=\"&#xf167;\"\n\t\t \n\t\taria-hidden=\"true\"><\/span>\t\t\t\t\t\t\t<\/span>\n\t\t<\/a>\n\t<\/div>\n<\/div><\/div><\/div><div id=\"pgc-6-0-1\"  class=\"panel-grid-cell\" ><div id=\"panel-6-0-1-0\" class=\"so-panel widget widget_circleicon-widget panel-first-child panel-last-child\" data-index=\"1\" >\t\t<div class=\"circle-icon-box circle-icon-position-top circle-icon-hide-box circle-icon-size-small \">\n\t\t\t\t\t\t\t<div class=\"circle-icon-wrapper\">\n\t\t\t\t\t\t\t\t\t\t<a href=\"http:\/\/sedici.unlp.edu.ar\/handle\/10915\/123501\" class=\"link-icon\" target=\"_blank\">\t\t\t\t\t<div class=\"circle-icon icon-style-set\" style=\"background-color: #e75295\">\n\t\t\t\t\t\t\t\t\t\t\t\t\t<div\n\t\t\t\t\t\t\t\tclass=\"fa fa-file-text-o  icon-style-set\"\n\t\t\t\t\t\t\t\t\t\t\t\t\t\t\t><\/div>\n\t\t\t\t\t\t\t\t\t\t\t<\/div>\n\t\t\t\t\t<\/a>\t\t\t\t<\/div>\n\t\t\t\n\t\t\t\t\t\t\t<a\n\t\t\t\t\thref=\"http:\/\/sedici.unlp.edu.ar\/handle\/10915\/123501\"\n\t\t\t\t\tclass=\"link-title\" target=&quot;_blank&quot;\t\t\t\t>\n\t\t\t\t\t\t\t\t\t\t<h4 >\n\t\t\t\t\tACTAS PUBLICADAS 12 CAAS\t\t\t\t<\/h4>\n\t\t\t\t\t\t\t\t\t\t<\/a>\n\t\t\t\n\t\t\t\t\t\t\t<p class=\"text\" >\n\t\t\t\tYa se encuentran disponibles las ponencias, paneles y conferencias en SEDICI, el repositorio de la UNLP\t\t\t<\/p>\n\t\t\t\t\t\t\t\t\t\t<a\n\t\t\t\t\thref=\"http:\/\/sedici.unlp.edu.ar\/handle\/10915\/123501\"\n\t\t\t\t\tclass=\"more-button\"\n\t\t\t\t\ttarget=&quot;_blank&quot;\t\t\t\t>\n\t\t\t\t\tM\u00e1s informaci\u00f3n\t\t\t\t\t<i><\/i>\n\t\t\t\t<\/a>\n\t\t\t\t\t<\/div>\n\t\t<\/div><\/div><\/div><div id=\"pg-6-1\"  class=\"panel-grid panel-no-style\" ><div id=\"pgc-6-1-0\"  class=\"panel-grid-cell\" ><div id=\"panel-6-1-0-0\" class=\"so-panel widget widget_text panel-first-child panel-last-child\" data-index=\"2\" >\t\t\t<div class=\"textwidget\"><p style=\"text-align:justify\">Con una trayectoria de m\u00e1s de medio siglo, el Congreso Argentino de Antropolog\u00eda Social (CAAS) es el principal evento cient\u00edfico y acad\u00e9mico de la antropolog\u00eda social de la Argentina. Su doceava edici\u00f3n permitir\u00e1 reunirnos para promover y avanzar en la discusi\u00f3n cr\u00edtica de resultados derivados de la investigaci\u00f3n, la docencia, la extensi\u00f3n, la transferencia y el ejercicio profesional, actualizando el estado del conocimiento en nuestro campo as\u00ed como su proyecci\u00f3n.<\/p>\n<p>Presidenta 12\u00ba CAAS<strong>\u00a0 \u00a0Dra. Mariana \u00a0Chaves<\/strong><\/p>\n<p>Presidente Honor\u00edfico 12\u00ba CAAS \u00a0\u00a0<strong>Dr. Roberto Ringuelet\u00a0<\/strong><\/p>\n<\/div>\n\t\t<\/div><\/div><\/div><div id=\"pg-6-2\"  class=\"panel-grid panel-no-style\" ><div id=\"pgc-6-2-0\"  class=\"panel-grid-cell\" ><div id=\"panel-6-2-0-0\" class=\"so-panel widget widget_text panel-first-child panel-last-child\" data-index=\"3\" >\t\t\t<div class=\"textwidget\"><p><strong>Comit\u00e9 Honor\u00edfico 12\u00b0 CAAS<\/strong><\/p>\n<p style=\"text-align:justify\">Abinzano, Roberto Carlos (UNAM) \/\/ Briones, Claudia (UNRN) \/\/ Da Silva Catela, Ludmila (UNC) \/\/ Gonz\u00e1les, Daniel (UNJu) \/\/ Hirsch, Silvia (UNSAM) \/\/ Molina Pico, \u00c1ngeles (UNCA) \/\/ Naharro, Jos\u00e9 Miguel (UNSA) \/\/ Neufeld, Mar\u00eda Rosa (UBA) \/\/ Ratier, Hugo (UNICEN \/\/ Ringuelet, Roberto (UNLP) \u2013 Presidente \/\/ Rodr\u00edguez, Gloria (UNR)<\/p>\n<p>&nbsp;<\/p>\n<\/div>\n\t\t<\/div><\/div><div id=\"pgc-6-2-1\"  class=\"panel-grid-cell\" ><div id=\"panel-6-2-1-0\" class=\"so-panel widget widget_text panel-first-child panel-last-child\" data-index=\"4\" >\t\t\t<div class=\"textwidget\"><p><strong>Comit\u00e9 Organizador 12\u00ba CAAS UNLP<\/strong><\/p>\n<p style=\"text-align:justify\">Alvarez, Santiago \/\/\u00a0Amilibia, Ivone \/\/\u00a0Archenti, Adriana \/\/\u00a0Attademo, Silvia \/\/\u00a0Berg\u00e9, Elena \/\/\u00a0Cascardi, Juan Jos\u00e9 \/\/\u00a0Chaves, Mariana \/\/\u00a0Col\u00e1ngelo, Adelaida \/\/\u00a0de Jong, Ingrid \/\/\u00a0Esnaola, Fernanda \/\/\u00a0Garc\u00eda, Stella Maris \/\/\u00a0G\u00f3mez, Silvina \/\/\u00a0Hirsch, Silvia \/\/\u00a0Laspiur, Ariel \/\/\u00a0Maidana, Carolina \/\/\u00a0Mora, Ana Sabrina \/\/\u00a0Morgante, Gabriela \/\/\u00a0Ollier, Agustina \/\/\u00a0Ortale, Mar\u00eda Susana \/\/\u00a0Reca, Mar\u00eda Marta \/\/\u00a0Remorini, Carolina \/\/\u00a0Rodr\u00edguez, Pablo Gustavo \/\/\u00a0Salva, Mar\u00eda Cristina \/\/\u00a0Segura, Ramiro \/\/\u00a0Tellechea, Mar\u00eda Ofelia \/\/\u00a0Teves, Laura \/\/\u00a0Valero, Ana \/\/\u00a0Vernazza, Ignacio \/\/\u00a0Weingast, Diana<\/p>\n<p>&nbsp;<\/p>\n<\/div>\n\t\t<\/div><\/div><\/div><div id=\"pg-6-3\"  class=\"panel-grid panel-no-style\" ><div id=\"pgc-6-3-0\"  class=\"panel-grid-cell\" ><div id=\"panel-6-3-0-0\" class=\"so-panel widget widget_sow-editor panel-first-child panel-last-child\" data-index=\"5\" ><div\n\t\t\t\n\t\t\tclass=\"so-widget-sow-editor so-widget-sow-editor-base\"\n\t\t\t\n\t\t>\n<div class=\"siteorigin-widget-tinymce textwidget\">\n\t<h2 style=\"text-align: center\">Facultades de la Universidad Nacional de La Plata que forman parte de la organizaci\u00f3n del 12 CAAS<\/h2>\n<p>&nbsp;<\/p>\n<\/div>\n<\/div><\/div><\/div><\/div><div id=\"pg-6-4\"  class=\"panel-grid panel-no-style\" ><div id=\"pgc-6-4-0\"  class=\"panel-grid-cell\" ><div id=\"panel-6-4-0-0\" class=\"so-panel widget widget_sow-editor panel-first-child panel-last-child\" data-index=\"6\" ><div\n\t\t\t\n\t\t\tclass=\"so-widget-sow-editor so-widget-sow-editor-base\"\n\t\t\t\n\t\t>\n<div class=\"siteorigin-widget-tinymce textwidget\">\n\t<h5 style=\"text-align: center\"><a href=\"https:\/\/www.fba.unlp.edu.ar\/\">Facultad de Artes<\/a><\/h5>\n<h5 style=\"text-align: center\"><a href=\"https:\/\/www.econo.unlp.edu.ar\/\">Facultad de Ciencias Econ\u00f3micas<\/a><\/h5>\n<h5 style=\"text-align: center\"><a href=\"https:\/\/www.fcnym.unlp.edu.ar\/\">Facultad de Ciencias Naturales y Museo<\/a><\/h5>\n<h5 style=\"text-align: center\"><a href=\"http:\/\/www.fahce.unlp.edu.ar\/\">Facultad de Humanidades y Ciencias de la Educaci\u00f3n<\/a><\/h5>\n<h5><\/h5>\n<\/div>\n<\/div><\/div><\/div><div id=\"pgc-6-4-1\"  class=\"panel-grid-cell\" ><div id=\"panel-6-4-1-0\" class=\"so-panel widget widget_sow-editor panel-first-child panel-last-child\" data-index=\"7\" ><div\n\t\t\t\n\t\t\tclass=\"so-widget-sow-editor so-widget-sow-editor-base\"\n\t\t\t\n\t\t>\n<div class=\"siteorigin-widget-tinymce textwidget\">\n\t<h5 style=\"text-align: center\"><a href=\"https:\/\/perio.unlp.edu.ar\/\">Facultad de Periodismo y Comunicaci\u00f3n Social<\/a><\/h5>\n<h5 style=\"text-align: center\"><a href=\"http:\/\/www.psico.unlp.edu.ar\/\">Facultad de Psicolog\u00eda<\/a><\/h5>\n<h5 style=\"text-align: center\"><a href=\"http:\/\/www.trabajosocial.unlp.edu.ar\/\">Facultad de Trabajo Social<\/a><\/h5>\n<h5><\/h5>\n<\/div>\n<\/div><\/div><\/div><\/div><div id=\"pg-6-5\"  class=\"panel-grid panel-no-style\" ><div id=\"pgc-6-5-0\"  class=\"panel-grid-cell\" ><div id=\"panel-6-5-0-0\" class=\"so-panel widget widget_sow-editor panel-first-child panel-last-child\" data-index=\"8\" ><div\n\t\t\t\n\t\t\tclass=\"so-widget-sow-editor so-widget-sow-editor-base\"\n\t\t\t\n\t\t>\n<div class=\"siteorigin-widget-tinymce textwidget\">\n\t<h2 style=\"text-align: center\">Auspician<\/h2>\n<p>&nbsp;<\/p>\n<\/div>\n<\/div><\/div><\/div><\/div><div id=\"pg-6-6\"  class=\"panel-grid panel-no-style\" ><div id=\"pgc-6-6-0\"  class=\"panel-grid-cell\" ><div id=\"panel-6-6-0-0\" class=\"so-panel widget widget_sow-image panel-first-child panel-last-child\" data-index=\"9\" ><div\n\t\t\t\n\t\t\tclass=\"so-widget-sow-image so-widget-sow-image-default-8b5b6f678277-6\"\n\t\t\t\n\t\t>\n<div class=\"sow-image-container\">\n\t\t\t<a href=\"https:\/\/unlp.edu.ar\/\"\n\t\t\t\t\t>\n\t\t\t<img \n\tsrc=\"https:\/\/congresos.unlp.edu.ar\/12caas\/wp-content\/uploads\/sites\/10\/2020\/04\/logo-unlp-300x160.png\" width=\"300\" height=\"160\" srcset=\"https:\/\/congresos.unlp.edu.ar\/12caas\/wp-content\/uploads\/sites\/10\/2020\/04\/logo-unlp-300x160.png 300w, https:\/\/congresos.unlp.edu.ar\/12caas\/wp-content\/uploads\/sites\/10\/2020\/04\/logo-unlp.png 308w\" sizes=\"(max-width: 300px) 100vw, 300px\" title=\"Universidad Nacional de La Plata\" alt=\"\" \t\tclass=\"so-widget-image\"\/>\n\t\t\t<\/a><\/div>\n\n<\/div><\/div><\/div><div id=\"pgc-6-6-1\"  class=\"panel-grid-cell\" ><div id=\"panel-6-6-1-0\" class=\"so-panel widget widget_sow-image panel-first-child panel-last-child\" data-index=\"10\" ><div\n\t\t\t\n\t\t\tclass=\"so-widget-sow-image so-widget-sow-image-default-8b5b6f678277-6\"\n\t\t\t\n\t\t>\n<div class=\"sow-image-container\">\n\t\t\t<a href=\"https:\/\/www.conicet.gov.ar\/\"\n\t\t\t\t\t>\n\t\t\t<img \n\tsrc=\"https:\/\/congresos.unlp.edu.ar\/12caas\/wp-content\/uploads\/sites\/10\/2020\/04\/conicet_0-272x182.jpg\" width=\"272\" height=\"182\" sizes=\"(max-width: 272px) 100vw, 272px\" title=\"CONICET\" alt=\"\" \t\tclass=\"so-widget-image\"\/>\n\t\t\t<\/a><\/div>\n\n<\/div><\/div><\/div><div id=\"pgc-6-6-2\"  class=\"panel-grid-cell\" ><div id=\"panel-6-6-2-0\" class=\"so-panel widget widget_sow-image panel-first-child panel-last-child\" data-index=\"11\" ><div\n\t\t\t\n\t\t\tclass=\"so-widget-sow-image so-widget-sow-image-default-8b5b6f678277-6\"\n\t\t\t\n\t\t>\n<div class=\"sow-image-container\">\n\t\t\t<a href=\"https:\/\/www.clacso.org\/\"\n\t\t\ttarget=\"_blank\" rel=\"noopener noreferrer\" \t\t>\n\t\t\t<img \n\tsrc=\"https:\/\/congresos.unlp.edu.ar\/12caas\/wp-content\/uploads\/sites\/10\/2020\/04\/clacso-300x157.jpg\" width=\"300\" height=\"157\" srcset=\"https:\/\/congresos.unlp.edu.ar\/12caas\/wp-content\/uploads\/sites\/10\/2020\/04\/clacso-300x157.jpg 300w, https:\/\/congresos.unlp.edu.ar\/12caas\/wp-content\/uploads\/sites\/10\/2020\/04\/clacso-1024x536.jpg 1024w, https:\/\/congresos.unlp.edu.ar\/12caas\/wp-content\/uploads\/sites\/10\/2020\/04\/clacso-768x402.jpg 768w, https:\/\/congresos.unlp.edu.ar\/12caas\/wp-content\/uploads\/sites\/10\/2020\/04\/clacso-720x380.jpg 720w, https:\/\/congresos.unlp.edu.ar\/12caas\/wp-content\/uploads\/sites\/10\/2020\/04\/clacso.jpg 1200w\" sizes=\"(max-width: 300px) 100vw, 300px\" title=\"CLACSO\" alt=\"\" \t\tclass=\"so-widget-image\"\/>\n\t\t\t<\/a><\/div>\n\n<\/div><\/div><\/div><\/div><div id=\"pg-6-7\"  class=\"panel-grid panel-no-style\" ><div id=\"pgc-6-7-0\"  class=\"panel-grid-cell\" ><div id=\"panel-6-7-0-0\" class=\"so-panel widget widget_sow-image panel-first-child panel-last-child\" data-index=\"12\" ><div\n\t\t\t\n\t\t\tclass=\"so-widget-sow-image so-widget-sow-image-default-8b5b6f678277-6\"\n\t\t\t\n\t\t>\n<div class=\"sow-image-container\">\n\t\t\t<a href=\"https:\/\/www.facebook.com\/redcarrerasantropologia\/\"\n\t\t\ttarget=\"_blank\" rel=\"noopener noreferrer\" \t\t>\n\t\t\t<img \n\tsrc=\"https:\/\/congresos.unlp.edu.ar\/12caas\/wp-content\/uploads\/sites\/10\/2020\/08\/logo-con-nombre-300x219.jpg\" width=\"300\" height=\"219\" srcset=\"https:\/\/congresos.unlp.edu.ar\/12caas\/wp-content\/uploads\/sites\/10\/2020\/08\/logo-con-nombre-300x219.jpg 300w, https:\/\/congresos.unlp.edu.ar\/12caas\/wp-content\/uploads\/sites\/10\/2020\/08\/logo-con-nombre-1024x748.jpg 1024w, https:\/\/congresos.unlp.edu.ar\/12caas\/wp-content\/uploads\/sites\/10\/2020\/08\/logo-con-nombre-768x561.jpg 768w, https:\/\/congresos.unlp.edu.ar\/12caas\/wp-content\/uploads\/sites\/10\/2020\/08\/logo-con-nombre.jpg 1280w\" sizes=\"(max-width: 300px) 100vw, 300px\" title=\"Red de Carreras de Antropolog\u00eda de la Rep\u00fablica Argentina\" alt=\"RedCA\" \t\tclass=\"so-widget-image\"\/>\n\t\t\t<\/a><\/div>\n\n<\/div><\/div><\/div><div id=\"pgc-6-7-1\"  class=\"panel-grid-cell\" ><div id=\"panel-6-7-1-0\" class=\"so-panel widget widget_sow-image panel-first-child panel-last-child\" data-index=\"13\" ><div\n\t\t\t\n\t\t\tclass=\"so-widget-sow-image so-widget-sow-image-default-8b5b6f678277-6\"\n\t\t\t\n\t\t>\n<div class=\"sow-image-container\">\n\t\t\t<a href=\"http:\/\/www.cga.org.ar\/\"\n\t\t\t\t\t>\n\t\t\t<img \n\tsrc=\"https:\/\/congresos.unlp.edu.ar\/12caas\/wp-content\/uploads\/sites\/10\/2020\/07\/colegio_de_graduados_en_antropologia-3.gif\" width=\"216\" height=\"147\" sizes=\"(max-width: 216px) 100vw, 216px\" title=\"Colegio de Graduados en Antropolog\u00eda de la Rep\u00fablica Argentina\" alt=\"CGA\" \t\tclass=\"so-widget-image\"\/>\n\t\t\t<\/a><\/div>\n\n<\/div><\/div><\/div><div id=\"pgc-6-7-2\"  class=\"panel-grid-cell\" ><div id=\"panel-6-7-2-0\" class=\"so-panel widget widget_sow-image panel-first-child panel-last-child\" data-index=\"14\" ><div\n\t\t\t\n\t\t\tclass=\"so-widget-sow-image so-widget-sow-image-default-8b5b6f678277-6\"\n\t\t\t\n\t\t>\n<div class=\"sow-image-container\">\n\t\t\t<a href=\"http:\/\/www.saantropologia.com.ar\/\"\n\t\t\t\t\t>\n\t\t\t<img \n\tsrc=\"https:\/\/congresos.unlp.edu.ar\/12caas\/wp-content\/uploads\/sites\/10\/2020\/07\/Logo-Saa2-249x182.png\" width=\"249\" height=\"182\" sizes=\"(max-width: 249px) 100vw, 249px\" title=\"Sociedad Argentina de Antropolog\u00eda\" alt=\"\" \t\tclass=\"so-widget-image\"\/>\n\t\t\t<\/a><\/div>\n\n<\/div><\/div><\/div><\/div><div id=\"pg-6-8\"  class=\"panel-grid panel-no-style\" ><div id=\"pgc-6-8-0\"  class=\"panel-grid-cell\" ><div id=\"panel-6-8-0-0\" class=\"so-panel widget widget_sow-image panel-first-child panel-last-child\" data-index=\"15\" ><div\n\t\t\t\n\t\t\tclass=\"so-widget-sow-image so-widget-sow-image-default-8b5b6f678277-6\"\n\t\t\t\n\t\t>\n<div class=\"sow-image-container\">\n\t\t\t<a href=\"https:\/\/www.facebook.com\/pages\/category\/Nonprofit-Organization\/Aar-Asoc-Antropologia-Rosario-1620745251494345\/\"\n\t\t\ttarget=\"_blank\" rel=\"noopener noreferrer\" \t\t>\n\t\t\t<img \n\tsrc=\"https:\/\/congresos.unlp.edu.ar\/12caas\/wp-content\/uploads\/sites\/10\/2020\/07\/Asoc-Arg-Rosario-300x233.jpg\" width=\"300\" height=\"233\" srcset=\"https:\/\/congresos.unlp.edu.ar\/12caas\/wp-content\/uploads\/sites\/10\/2020\/07\/Asoc-Arg-Rosario-300x233.jpg 300w, https:\/\/congresos.unlp.edu.ar\/12caas\/wp-content\/uploads\/sites\/10\/2020\/07\/Asoc-Arg-Rosario-1024x796.jpg 1024w, https:\/\/congresos.unlp.edu.ar\/12caas\/wp-content\/uploads\/sites\/10\/2020\/07\/Asoc-Arg-Rosario-768x597.jpg 768w, https:\/\/congresos.unlp.edu.ar\/12caas\/wp-content\/uploads\/sites\/10\/2020\/07\/Asoc-Arg-Rosario-1536x1194.jpg 1536w, https:\/\/congresos.unlp.edu.ar\/12caas\/wp-content\/uploads\/sites\/10\/2020\/07\/Asoc-Arg-Rosario.jpg 1767w\" sizes=\"(max-width: 300px) 100vw, 300px\" title=\"Asociaci\u00f3n de Antropolog\u00eda de Rosario\" alt=\"\" \t\tclass=\"so-widget-image\"\/>\n\t\t\t<\/a><\/div>\n\n<\/div><\/div><\/div><div id=\"pgc-6-8-1\"  class=\"panel-grid-cell\" ><div id=\"panel-6-8-1-0\" class=\"so-panel widget widget_sow-image panel-first-child panel-last-child\" data-index=\"16\" ><div\n\t\t\t\n\t\t\tclass=\"so-widget-sow-image so-widget-sow-image-default-8b5b6f678277-6\"\n\t\t\t\n\t\t>\n<div class=\"sow-image-container\">\n\t\t<img \n\tsrc=\"https:\/\/congresos.unlp.edu.ar\/12caas\/wp-content\/uploads\/sites\/10\/2020\/07\/LOGO-colegio-de-antropologos-JUJUY.jpg\" width=\"588\" height=\"274\" srcset=\"https:\/\/congresos.unlp.edu.ar\/12caas\/wp-content\/uploads\/sites\/10\/2020\/07\/LOGO-colegio-de-antropologos-JUJUY.jpg 588w, https:\/\/congresos.unlp.edu.ar\/12caas\/wp-content\/uploads\/sites\/10\/2020\/07\/LOGO-colegio-de-antropologos-JUJUY-300x140.jpg 300w\" sizes=\"(max-width: 588px) 100vw, 588px\" title=\"Colegio de Graduados en Antropolog\u00eda de Jujuy\" alt=\"\" \t\tclass=\"so-widget-image\"\/>\n\t<\/div>\n\n<\/div><\/div><\/div><div id=\"pgc-6-8-2\"  class=\"panel-grid-cell\" ><div id=\"panel-6-8-2-0\" class=\"so-panel widget widget_sow-image panel-first-child panel-last-child\" data-index=\"17\" ><div\n\t\t\t\n\t\t\tclass=\"so-widget-sow-image so-widget-sow-image-default-8b5b6f678277-6\"\n\t\t\t\n\t\t>\n<div class=\"sow-image-container\">\n\t\t\t<a href=\"https:\/\/nucleonadar.wixsite.com\/nadar-antroporural\"\n\t\t\ttarget=\"_blank\" rel=\"noopener noreferrer\" \t\t>\n\t\t\t<img \n\tsrc=\"https:\/\/congresos.unlp.edu.ar\/12caas\/wp-content\/uploads\/sites\/10\/2021\/05\/Nadar.png\" width=\"499\" height=\"173\" srcset=\"https:\/\/congresos.unlp.edu.ar\/12caas\/wp-content\/uploads\/sites\/10\/2021\/05\/Nadar.png 499w, https:\/\/congresos.unlp.edu.ar\/12caas\/wp-content\/uploads\/sites\/10\/2021\/05\/Nadar-300x104.png 300w\" sizes=\"(max-width: 499px) 100vw, 499px\" title=\"N\u00facleo Argentino de Antropolog\u00eda Rural\" alt=\"\" \t\tclass=\"so-widget-image\"\/>\n\t\t\t<\/a><\/div>\n\n<\/div><\/div><\/div><\/div><div id=\"pg-6-9\"  class=\"panel-grid panel-no-style\" ><div id=\"pgc-6-9-0\"  class=\"panel-grid-cell\" ><div id=\"panel-6-9-0-0\" class=\"so-panel widget widget_sow-editor panel-first-child panel-last-child\" data-index=\"18\" ><div\n\t\t\t\n\t\t\tclass=\"so-widget-sow-editor so-widget-sow-editor-base\"\n\t\t\t\n\t\t>\n<div class=\"siteorigin-widget-tinymce textwidget\">\n\t<h2 style=\"text-align: center\">Con el apoyo de<\/h2>\n<p>&nbsp;<\/p>\n<\/div>\n<\/div><\/div><\/div><\/div><div id=\"pg-6-10\"  class=\"panel-grid panel-no-style\" ><div id=\"pgc-6-10-0\"  class=\"panel-grid-cell\" ><div id=\"panel-6-10-0-0\" class=\"so-panel widget widget_sow-image panel-first-child panel-last-child\" data-index=\"19\" ><div\n\t\t\t\n\t\t\tclass=\"so-widget-sow-image so-widget-sow-image-default-8b5b6f678277-6\"\n\t\t\t\n\t\t>\n<div class=\"sow-image-container\">\n\t\t\t<a href=\"https:\/\/prebi-sedici.unlp.edu.ar\/sedici\/\"\n\t\t\ttarget=\"_blank\" rel=\"noopener noreferrer\" \t\t>\n\t\t\t<img \n\tsrc=\"https:\/\/congresos.unlp.edu.ar\/12caas\/wp-content\/uploads\/sites\/10\/2021\/05\/prebisedici-caas-300x107.png\" width=\"300\" height=\"107\" srcset=\"https:\/\/congresos.unlp.edu.ar\/12caas\/wp-content\/uploads\/sites\/10\/2021\/05\/prebisedici-caas-300x107.png 300w, https:\/\/congresos.unlp.edu.ar\/12caas\/wp-content\/uploads\/sites\/10\/2021\/05\/prebisedici-caas.png 675w\" sizes=\"(max-width: 300px) 100vw, 300px\" title=\"PREBI-SEDICI UNLP\" alt=\"\" \t\tclass=\"so-widget-image\"\/>\n\t\t\t<\/a><\/div>\n\n<\/div><\/div><\/div><div id=\"pgc-6-10-1\"  class=\"panel-grid-cell\" ><div id=\"panel-6-10-1-0\" class=\"so-panel widget widget_sow-image panel-first-child panel-last-child\" data-index=\"20\" ><div\n\t\t\t\n\t\t\tclass=\"so-widget-sow-image so-widget-sow-image-default-8b5b6f678277-6\"\n\t\t\t\n\t\t>\n<div class=\"sow-image-container\">\n\t\t\t<a href=\"http:\/\/www.entornosvirtuales.unlp.edu.ar\/page20.html\"\n\t\t\ttarget=\"_blank\" rel=\"noopener noreferrer\" \t\t>\n\t\t\t<img \n\tsrc=\"https:\/\/congresos.unlp.edu.ar\/12caas\/wp-content\/uploads\/sites\/10\/2021\/05\/EaD-caas-300x107.png\" width=\"300\" height=\"107\" srcset=\"https:\/\/congresos.unlp.edu.ar\/12caas\/wp-content\/uploads\/sites\/10\/2021\/05\/EaD-caas-300x107.png 300w, https:\/\/congresos.unlp.edu.ar\/12caas\/wp-content\/uploads\/sites\/10\/2021\/05\/EaD-caas.png 675w\" sizes=\"(max-width: 300px) 100vw, 300px\" title=\"Educaci\u00f3n a Distancia UNLP\" alt=\"\" \t\tclass=\"so-widget-image\"\/>\n\t\t\t<\/a><\/div>\n\n<\/div><\/div><\/div><div id=\"pgc-6-10-2\"  class=\"panel-grid-cell\" ><div id=\"panel-6-10-2-0\" class=\"so-panel widget widget_sow-image panel-first-child panel-last-child\" data-index=\"21\" ><div\n\t\t\t\n\t\t\tclass=\"so-widget-sow-image so-widget-sow-image-default-8b5b6f678277-6\"\n\t\t\t\n\t\t>\n<div class=\"sow-image-container\">\n\t\t\t<a href=\"https:\/\/cesgi.cic.gba.gov.ar\/\"\n\t\t\ttarget=\"_blank\" rel=\"noopener noreferrer\" \t\t>\n\t\t\t<img \n\tsrc=\"https:\/\/congresos.unlp.edu.ar\/12caas\/wp-content\/uploads\/sites\/10\/2021\/05\/CESGI-caas-300x107.png\" width=\"300\" height=\"107\" srcset=\"https:\/\/congresos.unlp.edu.ar\/12caas\/wp-content\/uploads\/sites\/10\/2021\/05\/CESGI-caas-300x107.png 300w, https:\/\/congresos.unlp.edu.ar\/12caas\/wp-content\/uploads\/sites\/10\/2021\/05\/CESGI-caas.png 675w\" sizes=\"(max-width: 300px) 100vw, 300px\" title=\"CESGI UNLP-CICPBA\" alt=\"\" \t\tclass=\"so-widget-image\"\/>\n\t\t\t<\/a><\/div>\n\n<\/div><\/div><\/div><\/div><div id=\"pg-6-11\"  class=\"panel-grid panel-no-style\" ><div id=\"pgc-6-11-0\"  class=\"panel-grid-cell\" ><div id=\"panel-6-11-0-0\" class=\"so-panel widget widget_text panel-first-child\" data-index=\"22\" ><div class=\"panel-widget-style panel-widget-style-for-6-11-0-0\" >\t\t\t<div class=\"textwidget\"><p>Junio y Septiembre de 2021<\/p>\n<p>Universidad Nacional de La Plata<\/p>\n<\/div>\n\t\t<\/div><\/div><div id=\"panel-6-11-0-1\" class=\"so-panel widget widget_sow-image panel-last-child\" data-index=\"23\" ><div\n\t\t\t\n\t\t\tclass=\"so-widget-sow-image so-widget-sow-image-default-8b5b6f678277-6\"\n\t\t\t\n\t\t><\/div><\/div><\/div><\/div><\/div>","protected":false},"excerpt":{"rendered":"<p>Con una trayectoria de m\u00e1s de medio siglo, el Congreso Argentino de Antropolog\u00eda Social (CAAS) es el principal evento cient\u00edfico y acad\u00e9mico de la antropolog\u00eda social de la Argentina. Su doceava edici\u00f3n permitir\u00e1 reunirnos para promover y avanzar en la discusi\u00f3n cr\u00edtica de resultados derivados de la investigaci\u00f3n, la docencia, la extensi\u00f3n, la transferencia y [&hellip;]<\/p>\n","protected":false},"author":2,"featured_media":23,"parent":0,"menu_order":0,"comment_status":"closed","ping_status":"closed","template":"home-panels.php","meta":{"advgb_blocks_editor_width":"","advgb_blocks_columns_visual_guide":"","footnotes":""},"class_list":["post-6","page","type-page","status-publish","has-post-thumbnail","hentry","post","post-with-thumbnail","post-with-thumbnail-large"],"aioseo_notices":[],"coauthors":[],"author_meta":{"author_link":"https:\/\/congresos.unlp.edu.ar\/12caas\/author\/congresos\/","display_name":"congresos"},"relative_dates":{"created":"Publicado 7 a\u00f1os hace","modified":"Actualizado 4 a\u00f1os hace"},"absolute_dates":{"created":"Publicado el 23\/08\/2019","modified":"Actualizado el 21\/06\/2022"},"absolute_dates_time":{"created":"Publicado el 23\/08\/2019 2:50 pm","modified":"Actualizado el 21\/06\/2022 6:19 am"},"featured_img_caption":"","featured_img":"https:\/\/congresos.unlp.edu.ar\/12caas\/wp-content\/uploads\/sites\/10\/2019\/08\/12CAAS-head-04-720x380.png","series_order":"","_links":{"self":[{"href":"https:\/\/congresos.unlp.edu.ar\/12caas\/wp-json\/wp\/v2\/pages\/6","targetHints":{"allow":["GET"]}}],"collection":[{"href":"https:\/\/congresos.unlp.edu.ar\/12caas\/wp-json\/wp\/v2\/pages"}],"about":[{"href":"https:\/\/congresos.unlp.edu.ar\/12caas\/wp-json\/wp\/v2\/types\/page"}],"author":[{"embeddable":true,"href":"https:\/\/congresos.unlp.edu.ar\/12caas\/wp-json\/wp\/v2\/users\/2"}],"replies":[{"embeddable":true,"href":"https:\/\/congresos.unlp.edu.ar\/12caas\/wp-json\/wp\/v2\/comments?post=6"}],"version-history":[{"count":0,"href":"https:\/\/congresos.unlp.edu.ar\/12caas\/wp-json\/wp\/v2\/pages\/6\/revisions"}],"wp:featuredmedia":[{"embeddable":true,"href":"https:\/\/congresos.unlp.edu.ar\/12caas\/wp-json\/wp\/v2\/media\/23"}],"wp:attachment":[{"href":"https:\/\/congresos.unlp.edu.ar\/12caas\/wp-json\/wp\/v2\/media?parent=6"}],"curies":[{"name":"wp","href":"https:\/\/api.w.org\/{rel}","templated":true}]}}