{"id":407,"date":"2020-03-31T16:48:59","date_gmt":"2020-03-31T19:48:59","guid":{"rendered":"http:\/\/congresos.unlp.edu.ar\/12caas\/?page_id=407"},"modified":"2021-06-11T17:16:46","modified_gmt":"2021-06-11T20:16:46","slug":"paneles","status":"publish","type":"page","link":"https:\/\/congresos.unlp.edu.ar\/12caas\/congreso\/paneles\/","title":{"rendered":"Paneles"},"content":{"rendered":"<h2><span style=\"color: #008080\"><strong>PANEL 1: LA PR\u00c1CTICA DE LA ANTROPOLOG\u00cdA: ESCENARIOS REGIONALES EN LA CONTEMPORANEIDAD\u00a0<\/strong><\/span><\/h2>\n<h4><mark>Martes 8 de junio, 18 hs.<\/mark><\/h4>\n<h4 style=\"padding-left: 40px\"><b>Ana M. Gorosito Kramer<\/b><span style=\"font-weight: 400\">\u00a0(UNaM), <\/span><b>Alejandro Grimson<\/b><span style=\"font-weight: 400\">\u00a0(UNSAM), <\/span><b>Mirta Lischetti\u00a0<\/b><span style=\"font-weight: 400\">(UBA).<\/span><\/h4>\n<h5 style=\"padding-left: 40px\"><span style=\"font-weight: 400\">Coordinadorxs:<\/span><b> Roberto Ringuelet<\/b><span style=\"font-weight: 400\"> (FPsi, UNLP) y <strong>Cristina Salva\u00a0<\/strong>(FPsi, UNLP)<\/span><\/h5>\n<p style=\"padding-left: 40px\"><em>Transmisi\u00f3n a trav\u00e9s de <a href=\"https:\/\/www.youtube.com\/channel\/UCjpVXDXB_REdK8-jiHEWGyQ\">YouTube<\/a>. Invitamos a subscribirse a nuestro canal.<\/em><\/p>\n<p style=\"padding-left: 40px\">[youtube url=\u00bbhttps:\/\/youtu.be\/A1_flTtuKvI\u00bb width=\u00bb600&#8243; height=\u00bb400&#8243; responsive=\u00bbyes\u00bb autoplay=\u00bbyes\u00bb mute=\u00bbno\u00bb]\n<p>&nbsp;<\/p>\n<p>&nbsp;<\/p>\n<hr \/>\n<h2><span style=\"color: #008080\"><strong>PANEL 2: POL\u00cdTICAS DE MEMORIA, PATRIMONIO Y RESTITUCIONES<\/strong><\/span><\/h2>\n<h4><mark>Jueves 10 de junio, 18 hs.<\/mark><\/h4>\n<h4 style=\"padding-left: 40px\"><b>Silvia Ametrano<\/b><span style=\"font-weight: 400\"> (FCNyM, UNLP), <\/span><b>Ludmila Da Silva Catela<\/b><span style=\"font-weight: 400\">\u00a0(UNC), <\/span><b>Julieta Gomez Otero\u00a0<\/b><span style=\"font-weight: 400\">(UNPa), <\/span><b>Marina Sardi\u00a0<\/b><span style=\"font-weight: 400\">(FCNyM,UNLP)<\/span><\/h4>\n<h5 style=\"padding-left: 40px\"><span style=\"font-weight: 400\">Coordinadoras:<\/span><b> Mar\u00eda Marta Reca<\/b><span style=\"font-weight: 400\"> (FCNyM, UNLP) y<strong> Tatiana Furiasse<\/strong> (FCNyM, UNLP)<\/span><\/h5>\n<p style=\"padding-left: 40px\"><em>Transmisi\u00f3n a trav\u00e9s de <a href=\"https:\/\/www.youtube.com\/channel\/UCjpVXDXB_REdK8-jiHEWGyQ\">YouTube<\/a>. Invitamos a subscribirse a nuestro canal.<\/em><\/p>\n<p style=\"padding-left: 40px\">[youtube url=\u00bbhttps:\/\/youtu.be\/PyEw6H8CGbc\u00bb width=\u00bb600&#8243; height=\u00bb400&#8243; responsive=\u00bbyes\u00bb autoplay=\u00bbyes\u00bb mute=\u00bbno\u00bb]\n<h2><\/h2>\n<p>&nbsp;<\/p>\n<hr \/>\n<h2><span style=\"color: #008080\"><strong>PANEL 3: DEBATIR LA MATR\u00cdCULA EN ANTROPOLOG\u00cdA: LAS CARRERAS Y ASOCIACIONES DE ANTROPOLOG\u00cdA DIALOGAN SOBRE EL EJERCICIO PROFESIONAL<\/strong><\/span><\/h2>\n<h4><mark>Martes 15 de junio, 18 hs.<\/mark><\/h4>\n<h4 style=\"padding-left: 40px\">Sociedad Argentina de Antropolog\u00eda, <strong>Juan Manuel Engelman<\/strong> \/ Asociacion de Antropolog\u00eda de Rosario, <strong>Ver\u00f3nica L. L\u00f3pez Tessore<\/strong> \/ Colegio de Graduados en Antropolog\u00eda de la Rep\u00fablica Argentina, <strong>Silvia Hirsch y <\/strong><strong>Paula Lanusse<\/strong> \/ Carreras de antropolog\u00eda UNRN, <strong>Laura Kropff Causa<\/strong> \/ UNICEN, <strong>Juan Pablo Matta<\/strong> \/ UNaM, <strong>Luc\u00eda Mabel Frettes<\/strong> \/ UNLP, Centro de Graduados de la FCNyM, <strong>Karen Liotta<\/strong> \/ UNSAM, <strong>M\u00e1ximo Badar\u00f3<\/strong> \/ UNR, <strong>Nicol\u00e1s Barrera<\/strong> \/ UNC, <strong>Bernarda Marconetto<\/strong> \/ UBA, <strong>Josefina <\/strong><strong>Martinez<\/strong> \/ UNJU, <strong>Liliana Bergesio<\/strong> \/ UNSa, Centro de Graduados, <strong>Emilio <\/strong><strong>Lombardo<\/strong> \/ UNCA, <strong>Valeria Elizabeth Espiro<\/strong><\/h4>\n<h5 style=\"padding-left: 40px\"><span style=\"font-weight: 400\">Coordinadoras: <\/span><b>Silvia Hirsch<\/b><span style=\"font-weight: 400\"> (UNSAM- CGA) y <\/span><b>Paula Lanusse<\/b><span style=\"font-weight: 400\"> (UBA-CGA)<\/span><\/h5>\n<p style=\"padding-left: 40px\"><em>Transmisi\u00f3n a trav\u00e9s de <a href=\"https:\/\/www.youtube.com\/channel\/UCjpVXDXB_REdK8-jiHEWGyQ\">YouTube<\/a>. Invitamos a subscribirse a nuestro canal.<\/em><\/p>\n<p style=\"padding-left: 40px\">[youtube url=\u00bbhttps:\/\/youtu.be\/CcUdLb03hJw\u00bb width=\u00bb600&#8243; height=\u00bb400&#8243; responsive=\u00bbyes\u00bb autoplay=\u00bbyes\u00bb mute=\u00bbno\u00bb]\n<p>&nbsp;<\/p>\n<p>&nbsp;<\/p>\n<hr \/>\n<h2><span style=\"color: #008080\"><strong>PANEL 4: PUEBLOS IND\u00cdGENAS, TEMAS PRIORITARIOS Y APORTES DESDE LA ANTROPOLOG\u00cdA<\/strong><\/span><\/h2>\n<h4><mark>Jueves 17 de junio, 18 hs.<\/mark><\/h4>\n<h4 style=\"padding-left: 40px\"><strong>Mar\u00eda Isabel Araujo<\/strong> (MAPUCHE &#8211; TEHUELCHE, Trenque Lauquen Comunidad Ind\u00edgena Cacique Pinc\u00e9n),\u00a0<strong>Nestor Jerez<\/strong> (Cacique del Pueblo\u00a0Ocloya- Jujuy),\u00a0<strong>Patricia Segundo<\/strong> (AVA GUARANI &#8211; Comunidad Iwi\u00a0Imemb\u2019y, La Plata, Buenos Aires),\u00a0<strong>Ignacio Rossi<\/strong> (QOM- Chaco) y\u00a0<strong>Mar\u00eda\u00a0Luisa Pereyra<\/strong> (Tinkina del Consejo de la Naci\u00f3n Tonokot\u00e9 \u00abLlutki\u00bb Sapallitan Sanan Atojpa).<\/h4>\n<h5 style=\"padding-left: 40px\"><strong>Coordinadoras:<\/strong> <strong>Stella Garc\u00eda<\/strong> (FCNyM, UNLP) y <strong>Luc\u00eda Mazzitelli\u00a0<\/strong>(FCNyM, UNLP)<\/h5>\n<p style=\"padding-left: 40px\"><em>Transmisi\u00f3n a trav\u00e9s de <a href=\"https:\/\/www.youtube.com\/channel\/UCjpVXDXB_REdK8-jiHEWGyQ\">YouTube<\/a>. Invitamos a subscribirse a nuestro canal.<\/em><\/p>\n<p style=\"padding-left: 40px\">[youtube url=\u00bbhttps:\/\/youtu.be\/4PZquzcn66k\u00bb width=\u00bb600&#8243; height=\u00bb400&#8243; responsive=\u00bbyes\u00bb autoplay=\u00bbyes\u00bb mute=\u00bbno\u00bb]\n<p>&nbsp;<\/p>\n<p>&nbsp;<\/p>\n<hr \/>\n<h2><span style=\"color: #008080\"><strong>PANEL 5: EJERCICIO PROFESIONAL EN POL\u00cdTICAS P\u00daBLICAS E INSTITUCIONES NO UNIVERSITARIAS<\/strong><\/span><\/h2>\n<h4><mark>Martes 22 de junio, 18 hs.<\/mark><\/h4>\n<h4 style=\"padding-left: 40px\"><b>Marcela Alaniz<\/b><span style=\"font-weight: 400\"> (MEIB-CPE Santa Cruz), <\/span><b>Sabina Frederic\u00a0<\/b><span style=\"font-weight: 400\">(UNQUI, Ministra de Seguridad de la Naci\u00f3n), <\/span><b>Dar\u00edo Olmo<\/b><span style=\"font-weight: 400\"> (UPC)<\/span><\/h4>\n<h5 style=\"padding-left: 40px\"><span style=\"font-weight: 400\">Coordinadoras:<\/span><b> Ivone Amilibia<\/b><span style=\"font-weight: 400\"> (FTS, UNLP) y <strong>Adelaida Col\u00e1ngelo<\/strong> (FTS, UNLP)<\/span><\/h5>\n<p style=\"padding-left: 40px\"><em>Transmisi\u00f3n a trav\u00e9s de <a href=\"https:\/\/www.youtube.com\/channel\/UCjpVXDXB_REdK8-jiHEWGyQ\">YouTube<\/a>. Invitamos a subscribirse a nuestro canal.<\/em><\/p>\n<p style=\"padding-left: 40px\">[youtube url=\u00bbhttps:\/\/youtu.be\/dAm2CdNNmks\u00bb width=\u00bb600&#8243; height=\u00bb400&#8243; responsive=\u00bbyes\u00bb autoplay=\u00bbyes\u00bb mute=\u00bbno\u00bb]\n<p>&nbsp;<\/p>\n<p>&nbsp;<\/p>\n<hr \/>\n<h2><span style=\"color: #008080\"><strong>PANEL 6: PRODUCCI\u00d3N DE CONOCIMIENTO DESDE EL SUR. DI\u00c1LOGOS INTERDISCIPLINARIOS SITUADOS: CULTURA, G\u00c9NERO, SUBJETIVIDADES, COLONIALIDAD<\/strong><\/span><\/h2>\n<h4><mark>Jueves 24 de junio, 18 hs.<\/mark><\/h4>\n<h4 style=\"padding-left: 40px\"><b>Alcira Argumedo <\/b>&#8211; homenaje\u00a0<span style=\"font-weight: 400\">(UBA), <\/span><b>Karina Bidaseca<\/b><span style=\"font-weight: 400\">\u00a0 (UNSAM), <\/span><b>Carlos Cullen<\/b><span style=\"font-weight: 400\">\u00a0 (UNTREF)<\/span><\/h4>\n<h5 style=\"padding-left: 40px\"><span style=\"font-weight: 400\">Coordinadoras<\/span><b>:<\/b> <b>Laura Teves <\/b><span style=\"font-weight: 400\">(FCNyM, UNLP) y <\/span><b>Ana Sabrina Mora<\/b><span style=\"font-weight: 400\"> (FCNyM, FaHCE, UNLP)<\/span><\/h5>\n<p style=\"padding-left: 40px\"><em>Transmisi\u00f3n a trav\u00e9s de <a href=\"https:\/\/www.youtube.com\/channel\/UCjpVXDXB_REdK8-jiHEWGyQ\">YouTube<\/a>. Invitamos a subscribirse a nuestro canal.<\/em><\/p>\n<p style=\"padding-left: 40px\">[youtube url=\u00bbhttps:\/\/youtu.be\/j9gwrVD8wL0&#8243; width=\u00bb600&#8243; height=\u00bb400&#8243; responsive=\u00bbyes\u00bb autoplay=\u00bbyes\u00bb mute=\u00bbno\u00bb]\n<p>&nbsp;<\/p>\n<p>&nbsp;<\/p>\n<hr \/>\n<h2><span style=\"color: #008080\"><strong>PANEL 7: EDUCACI\u00d3N E INTERCULTURALIDAD &#8211; <\/strong><strong>CLACSO<\/strong><\/span><\/h2>\n<h4><mark>Viernes 25 de junio, 18 hs.<\/mark><\/h4>\n<h4 style=\"padding-left: 40px\"><strong>Diana Yaneth Avila Camargo<\/strong> (Universidad Polit\u00e9cnica Salesiana, sede Quito &#8211; Ecuador)<span style=\"font-weight: 400\">,\u00a0<\/span><b>Gunther Dietz <\/b><span style=\"font-weight: 400\">(Universidad Veracruzana -M\u00e9xico), <strong>Noelia Enriz<\/strong> (CONICET -IDAES\/UNSAM, UBA &#8211; Argentina), <\/span><b>Mariana Paladino <\/b>(Facultad de Educaci\u00f3n de la Universidad Federal Fluminense &#8211; Brasil)<\/h4>\n<h5 style=\"padding-left: 40px\">Presentadora del Grupo de Trabajo \u201cEducaci\u00f3n e interculturalidad\u201d- CLACSO: <strong>Noelia Enriz<\/strong><\/h5>\n<h5 style=\"padding-left: 40px\">Coordinadora: <strong>Carolina Maidana<\/strong> (FCNyM, UNLP)<span style=\"font-weight: 400\">\u00a0<\/span><\/h5>\n<p><em>\u00a0 \u00a0 \u00a0 \u00a0 \u00a0 Transmisi\u00f3n a trav\u00e9s de <a href=\"https:\/\/www.youtube.com\/channel\/UCjpVXDXB_REdK8-jiHEWGyQ\">YouTube<\/a>. Invitamos a subscribirse a nuestro canal.<\/em><\/p>\n<p style=\"padding-left: 40px\">[youtube url=\u00bbhttps:\/\/youtu.be\/fVw2ifgkyzs\u00bb width=\u00bb600&#8243; height=\u00bb400&#8243; responsive=\u00bbyes\u00bb autoplay=\u00bbyes\u00bb mute=\u00bbno\u00bb]\n<p>&nbsp;<\/p>\n<p>&nbsp;<\/p>\n<hr \/>\n<h2><span style=\"color: #008080\"><strong>PANEL 8: MIGRACIONES E IMAGINARIOS DE NACI\u00d3N. POL\u00cdTICAS ESTATALES, ALTERIZACI\u00d3N Y LUCHAS POR DERECHOS EN LA ARGENTINA ACTUAL<\/strong><\/span><\/h2>\n<h4><mark>Martes 29 de junio, 18 hs.<\/mark><\/h4>\n<h4 style=\"padding-left: 40px\"><strong>Natalia Gavazzo<\/strong> (UNSaM) , <strong>Gabriela Karasik<\/strong> (UNJU), <strong>Mar\u00eda In\u00e9s Pacecca<\/strong> (UBA)<\/h4>\n<h5 style=\"padding-left: 40px\">Coordinadoras: <strong>Bernarda Zubrzycki<\/strong> (FCNyM, UNLP) y <strong>Mar\u00eda Luz Espiro<\/strong> (FCNyM, UNLP)<\/h5>\n<p style=\"padding-left: 40px\"><em>Transmisi\u00f3n a trav\u00e9s de <a href=\"https:\/\/www.youtube.com\/channel\/UCjpVXDXB_REdK8-jiHEWGyQ\">YouTube<\/a>. Invitamos a subscribirse a nuestro canal.<\/em><\/p>\n<p style=\"padding-left: 40px\">[youtube url=\u00bbhttps:\/\/youtu.be\/6K8phfSiCqI\u00bb width=\u00bb600&#8243; height=\u00bb400&#8243; responsive=\u00bbyes\u00bb autoplay=\u00bbyes\u00bb mute=\u00bbno\u00bb]\n<p>&nbsp;<\/p>\n<hr \/>\n<h2><span style=\"color: #008080\"><strong>PANEL 9: DEBATES Y DESAF\u00cdOS METODOL\u00d3GICOS<\/strong><\/span><\/h2>\n<h4><mark>Jueves 1\u00ba de julio, 18 hs.<\/mark><\/h4>\n<h4 style=\"padding-left: 40px\"><b>Elena Achilli\u00a0<\/b><span style=\"font-weight: 400\">(UNR), <\/span><b>Fernando Balbi\u00a0<\/b><span style=\"font-weight: 400\">(UBA), <\/span><b>Rosana Guber<\/b><span style=\"font-weight: 400\"> (IDES)<\/span><\/h4>\n<h5 style=\"padding-left: 40px\"><span style=\"font-weight: 400\">Coordinadoras<\/span><b>:<\/b> <b>Susana Ortale <\/b><span style=\"font-weight: 400\">(FaHCE, UNLP) y <strong>Marta Maffia<\/strong> (FCNyM, UNLP)<\/span><\/h5>\n<p style=\"padding-left: 40px\"><em>Transmisi\u00f3n a trav\u00e9s de <a href=\"https:\/\/www.youtube.com\/channel\/UCjpVXDXB_REdK8-jiHEWGyQ\">YouTube<\/a>. Invitamos a subscribirse a nuestro canal.<\/em><\/p>\n<p style=\"padding-left: 40px\">[youtube url=\u00bbhttps:\/\/youtu.be\/8U2tx1GbTWk\u00bb width=\u00bb600&#8243; height=\u00bb400&#8243; responsive=\u00bbyes\u00bb autoplay=\u00bbyes\u00bb mute=\u00bbno\u00bb]\n<p style=\"padding-left: 40px\">\n","protected":false},"excerpt":{"rendered":"<p>PANEL 1: LA PR\u00c1CTICA DE LA ANTROPOLOG\u00cdA: ESCENARIOS REGIONALES EN LA CONTEMPORANEIDAD\u00a0 Martes 8 de junio, 18 hs. Ana M. Gorosito Kramer\u00a0(UNaM), Alejandro Grimson\u00a0(UNSAM), Mirta Lischetti\u00a0(UBA). Coordinadorxs: Roberto Ringuelet (FPsi, UNLP) y Cristina Salva\u00a0(FPsi, UNLP) Transmisi\u00f3n a trav\u00e9s de YouTube. Invitamos a subscribirse a nuestro canal. [youtube url=\u00bbhttps:\/\/youtu.be\/A1_flTtuKvI\u00bb width=\u00bb600&#8243; height=\u00bb400&#8243; responsive=\u00bbyes\u00bb autoplay=\u00bbyes\u00bb mute=\u00bbno\u00bb] &nbsp; &nbsp; [&hellip;]<\/p>\n","protected":false},"author":18,"featured_media":0,"parent":398,"menu_order":3,"comment_status":"closed","ping_status":"closed","template":"","meta":{"advgb_blocks_editor_width":"","advgb_blocks_columns_visual_guide":"","footnotes":""},"class_list":["post-407","page","type-page","status-publish","hentry","post"],"aioseo_notices":[],"coauthors":[],"author_meta":{"author_link":"https:\/\/congresos.unlp.edu.ar\/12caas\/author\/jjcueto\/","display_name":"jjcueto"},"relative_dates":{"created":"Publicado 6 a\u00f1os hace","modified":"Actualizado 5 a\u00f1os hace"},"absolute_dates":{"created":"Publicado el 31\/03\/2020","modified":"Actualizado el 11\/06\/2021"},"absolute_dates_time":{"created":"Publicado el 31\/03\/2020 4:48 pm","modified":"Actualizado el 11\/06\/2021 5:16 pm"},"featured_img_caption":"","featured_img":false,"series_order":"","_links":{"self":[{"href":"https:\/\/congresos.unlp.edu.ar\/12caas\/wp-json\/wp\/v2\/pages\/407","targetHints":{"allow":["GET"]}}],"collection":[{"href":"https:\/\/congresos.unlp.edu.ar\/12caas\/wp-json\/wp\/v2\/pages"}],"about":[{"href":"https:\/\/congresos.unlp.edu.ar\/12caas\/wp-json\/wp\/v2\/types\/page"}],"author":[{"embeddable":true,"href":"https:\/\/congresos.unlp.edu.ar\/12caas\/wp-json\/wp\/v2\/users\/18"}],"replies":[{"embeddable":true,"href":"https:\/\/congresos.unlp.edu.ar\/12caas\/wp-json\/wp\/v2\/comments?post=407"}],"version-history":[{"count":0,"href":"https:\/\/congresos.unlp.edu.ar\/12caas\/wp-json\/wp\/v2\/pages\/407\/revisions"}],"up":[{"embeddable":true,"href":"https:\/\/congresos.unlp.edu.ar\/12caas\/wp-json\/wp\/v2\/pages\/398"}],"wp:attachment":[{"href":"https:\/\/congresos.unlp.edu.ar\/12caas\/wp-json\/wp\/v2\/media?parent=407"}],"curies":[{"name":"wp","href":"https:\/\/api.w.org\/{rel}","templated":true}]}}