{"id":292,"date":"2020-01-08T13:30:14","date_gmt":"2020-01-08T16:30:14","guid":{"rendered":"http:\/\/congresos.unlp.edu.ar\/12caas\/?page_id=292"},"modified":"2021-07-13T07:47:56","modified_gmt":"2021-07-13T10:47:56","slug":"envio-de-trabajos","status":"publish","type":"page","link":"https:\/\/congresos.unlp.edu.ar\/12caas\/envio-de-trabajos\/","title":{"rendered":"Env\u00edo de ponencias completas"},"content":{"rendered":"<h4 style=\"text-align: center\" align=\"justify\"><\/h4>\n<table class=\"MsoNormalTable\" style=\"border-collapse: collapse;height: 195px\" border=\"0\" width=\"789\" cellspacing=\"0\" cellpadding=\"0\">\n<tbody>\n<tr style=\"height: 30.45pt\">\n<td style=\"border: solid black 1.0pt;padding: 5.0pt 5.0pt 5.0pt 5.0pt;height: 30.45pt\" rowspan=\"2\">\n<h4 style=\"text-align: center\"><span style=\"color: #008080\"><strong>EST\u00c1 CERRADO EL PLAZO PARA EL ENV\u00cdO DE PONENCIAS<\/strong><\/span><\/h4>\n<h4 style=\"text-align: center\">Presentaci\u00f3n de trabajos completos de todos los res\u00famenes aceptados en las convocatorias 2020 y 2021: <span style=\"color: #008080\"><strong>hasta el 14 de junio de 2021<\/strong><\/span><\/h4>\n<h4 style=\"text-align: center\"><span style=\"color: #ff0000\">\u00daltima pr\u00f3rroga para el env\u00edo: 12 de julio de 2021<\/span><\/h4>\n<\/td>\n<\/tr>\n<\/tbody>\n<\/table>\n<h5><\/h5>\n","protected":false},"excerpt":{"rendered":"<p>EST\u00c1 CERRADO EL PLAZO PARA EL ENV\u00cdO DE PONENCIAS Presentaci\u00f3n de trabajos completos de todos los res\u00famenes aceptados en las convocatorias 2020 y 2021: hasta el 14 de junio de 2021 \u00daltima pr\u00f3rroga para el env\u00edo: 12 de julio de 2021<\/p>\n","protected":false},"author":21,"featured_media":0,"parent":0,"menu_order":5,"comment_status":"closed","ping_status":"closed","template":"","meta":{"advgb_blocks_editor_width":"","advgb_blocks_columns_visual_guide":"","footnotes":""},"class_list":["post-292","page","type-page","status-publish","hentry","post"],"aioseo_notices":[],"coauthors":[],"author_meta":{"author_link":"https:\/\/congresos.unlp.edu.ar\/12caas\/author\/irobia\/","display_name":"Ivone"},"relative_dates":{"created":"Publicado 6 a\u00f1os hace","modified":"Actualizado 5 a\u00f1os hace"},"absolute_dates":{"created":"Publicado el 08\/01\/2020","modified":"Actualizado el 13\/07\/2021"},"absolute_dates_time":{"created":"Publicado el 08\/01\/2020 1:30 pm","modified":"Actualizado el 13\/07\/2021 7:47 am"},"featured_img_caption":"","featured_img":false,"series_order":"","_links":{"self":[{"href":"https:\/\/congresos.unlp.edu.ar\/12caas\/wp-json\/wp\/v2\/pages\/292","targetHints":{"allow":["GET"]}}],"collection":[{"href":"https:\/\/congresos.unlp.edu.ar\/12caas\/wp-json\/wp\/v2\/pages"}],"about":[{"href":"https:\/\/congresos.unlp.edu.ar\/12caas\/wp-json\/wp\/v2\/types\/page"}],"author":[{"embeddable":true,"href":"https:\/\/congresos.unlp.edu.ar\/12caas\/wp-json\/wp\/v2\/users\/21"}],"replies":[{"embeddable":true,"href":"https:\/\/congresos.unlp.edu.ar\/12caas\/wp-json\/wp\/v2\/comments?post=292"}],"version-history":[{"count":0,"href":"https:\/\/congresos.unlp.edu.ar\/12caas\/wp-json\/wp\/v2\/pages\/292\/revisions"}],"wp:attachment":[{"href":"https:\/\/congresos.unlp.edu.ar\/12caas\/wp-json\/wp\/v2\/media?parent=292"}],"curies":[{"name":"wp","href":"https:\/\/api.w.org\/{rel}","templated":true}]}}