{"id":1536,"date":"2021-08-30T08:24:09","date_gmt":"2021-08-30T11:24:09","guid":{"rendered":"https:\/\/congresos.unlp.edu.ar\/12caas\/?page_id=1536"},"modified":"2021-09-03T11:01:23","modified_gmt":"2021-09-03T14:01:23","slug":"discursos-inaugurales-del-12o-caas","status":"publish","type":"page","link":"https:\/\/congresos.unlp.edu.ar\/12caas\/discursos-inaugurales-del-12o-caas\/","title":{"rendered":"Discursos inaugurales"},"content":{"rendered":"<hr \/>\n<p>&nbsp;<\/p>\n<h4><strong>Roberto Ringuelet &#8211; Presidente Comit\u00e9 Honor\u00edfico 12\u00ba CAAS<\/strong><\/h4>\n<h5>\u00a0<a href=\"http:\/\/sedici.unlp.edu.ar\/handle\/10915\/123505\" target=\"_blank\" rel=\"nofollow noopener noreferrer\">http:\/\/sedici.unlp.edu.ar\/handle\/10915\/123505<\/a><\/h5>\n<h5><\/h5>\n<p>&nbsp;<\/p>\n<h4><strong>Mariana Chaves &#8211; Presidenta Comit\u00e9 Organizador 12\u00ba CAAS<\/strong><\/h4>\n<h4>\u00abEl qu\u00e9-hacer antropol\u00f3gico en pandemia: comprensi\u00f3n, di\u00e1logo y compromiso social con esperanza\u00bb<\/h4>\n<h5><a href=\"http:\/\/sedici.unlp.edu.ar\/handle\/10915\/123506\" target=\"_blank\" rel=\"nofollow noopener noreferrer\">http:\/\/sedici.unlp.edu.ar\/handle\/10915\/123506<\/a><\/h5>\n<h5><\/h5>\n","protected":false},"excerpt":{"rendered":"<p>&nbsp; Roberto Ringuelet &#8211; Presidente Comit\u00e9 Honor\u00edfico 12\u00ba CAAS \u00a0http:\/\/sedici.unlp.edu.ar\/handle\/10915\/123505 &nbsp; Mariana Chaves &#8211; Presidenta Comit\u00e9 Organizador 12\u00ba CAAS \u00abEl qu\u00e9-hacer antropol\u00f3gico en pandemia: comprensi\u00f3n, di\u00e1logo y compromiso social con esperanza\u00bb http:\/\/sedici.unlp.edu.ar\/handle\/10915\/123506<\/p>\n","protected":false},"author":21,"featured_media":0,"parent":0,"menu_order":0,"comment_status":"closed","ping_status":"closed","template":"","meta":{"advgb_blocks_editor_width":"","advgb_blocks_columns_visual_guide":"","footnotes":""},"class_list":["post-1536","page","type-page","status-publish","hentry","post"],"aioseo_notices":[],"coauthors":[],"author_meta":{"author_link":"https:\/\/congresos.unlp.edu.ar\/12caas\/author\/irobia\/","display_name":"Ivone"},"relative_dates":{"created":"Publicado 5 a\u00f1os hace","modified":"Actualizado 5 a\u00f1os hace"},"absolute_dates":{"created":"Publicado el 30\/08\/2021","modified":"Actualizado el 03\/09\/2021"},"absolute_dates_time":{"created":"Publicado el 30\/08\/2021 8:24 am","modified":"Actualizado el 03\/09\/2021 11:01 am"},"featured_img_caption":"","featured_img":false,"series_order":"","_links":{"self":[{"href":"https:\/\/congresos.unlp.edu.ar\/12caas\/wp-json\/wp\/v2\/pages\/1536","targetHints":{"allow":["GET"]}}],"collection":[{"href":"https:\/\/congresos.unlp.edu.ar\/12caas\/wp-json\/wp\/v2\/pages"}],"about":[{"href":"https:\/\/congresos.unlp.edu.ar\/12caas\/wp-json\/wp\/v2\/types\/page"}],"author":[{"embeddable":true,"href":"https:\/\/congresos.unlp.edu.ar\/12caas\/wp-json\/wp\/v2\/users\/21"}],"replies":[{"embeddable":true,"href":"https:\/\/congresos.unlp.edu.ar\/12caas\/wp-json\/wp\/v2\/comments?post=1536"}],"version-history":[{"count":0,"href":"https:\/\/congresos.unlp.edu.ar\/12caas\/wp-json\/wp\/v2\/pages\/1536\/revisions"}],"wp:attachment":[{"href":"https:\/\/congresos.unlp.edu.ar\/12caas\/wp-json\/wp\/v2\/media?parent=1536"}],"curies":[{"name":"wp","href":"https:\/\/api.w.org\/{rel}","templated":true}]}}

<hr />
<p>&nbsp;</p>
<h4><strong>Roberto Ringuelet &#8211; Presidente Comité Honorífico 12º CAAS</strong></h4>
<h5> <a href="http://sedici.unlp.edu.ar/handle/10915/123505" target="_blank" rel="nofollow noopener noreferrer">http://sedici.unlp.edu.ar/handle/10915/123505</a></h5>
<h5></h5>
<p>&nbsp;</p>
<h4><strong>Mariana Chaves &#8211; Presidenta Comité Organizador 12º CAAS</strong></h4>
<h4>«El qué-hacer antropológico en pandemia: comprensión, diálogo y compromiso social con esperanza»</h4>
<h5><a href="http://sedici.unlp.edu.ar/handle/10915/123506" target="_blank" rel="nofollow noopener noreferrer">http://sedici.unlp.edu.ar/handle/10915/123506</a></h5>
<h5></h5>

<p>&nbsp; Roberto Ringuelet &#8211; Presidente Comité Honorífico 12º CAAS  http://sedici.unlp.edu.ar/handle/10915/123505 &nbsp; Mariana Chaves &#8211; Presidenta Comité Organizador 12º CAAS «El qué-hacer antropológico en pandemia: comprensión, diálogo y compromiso social con esperanza» http://sedici.unlp.edu.ar/handle/10915/123506</p>

Publicado 5 años hace

Actualizado 5 años hace
