{"id":1061,"date":"2021-08-23T13:35:39","date_gmt":"2021-08-23T16:35:39","guid":{"rendered":"https:\/\/congresos.unlp.edu.ar\/12caas\/?page_id=1061"},"modified":"2021-08-30T11:37:17","modified_gmt":"2021-08-30T14:37:17","slug":"revistas-argentinas-de-antropologia","status":"publish","type":"page","link":"https:\/\/congresos.unlp.edu.ar\/12caas\/revistas-argentinas-de-antropologia\/","title":{"rendered":"Revistas argentinas de Antropolog\u00eda"},"content":{"rendered":"<hr \/>\n<h3><strong>ARQUEOLOG\u00cdA<\/strong><\/h3>\n<h5><img loading=\"lazy\" decoding=\"async\" class=\"size-medium wp-image-1063 aligncenter\" src=\"https:\/\/congresos.unlp.edu.ar\/12caas\/wp-content\/uploads\/sites\/10\/2021\/08\/Arqueologia-300x210.jpg\" alt=\"\" width=\"300\" height=\"210\" srcset=\"https:\/\/congresos.unlp.edu.ar\/12caas\/wp-content\/uploads\/sites\/10\/2021\/08\/Arqueologia-300x210.jpg 300w, https:\/\/congresos.unlp.edu.ar\/12caas\/wp-content\/uploads\/sites\/10\/2021\/08\/Arqueologia.jpg 667w\" sizes=\"auto, (max-width: 300px) 100vw, 300px\" \/><\/h5>\n<h5 style=\"text-align: center\"><strong>Enlace de acceso:<\/strong>\u00a0<a href=\"http:\/\/revistascientificas.filo.uba.ar\/index.php\/Arqueologia\/\" target=\"_blank\" rel=\"noopener\">http:\/\/revistascientificas.filo.uba.ar\/index.php\/Arqueologia\/<\/a><\/h5>\n<h5><strong>Pertenencia institucional: <\/strong>Instituto de Arqueolog\u00eda, Facultad de Filosof\u00eda y Letras, Universidad de Buenos Aires<\/h5>\n<h5><strong>Arqueolog\u00eda<\/strong> es una revista cient\u00edfica con referato, de acceso abierto y frecuencia cuatrimestral, editada por el Instituto de Arqueolog\u00eda (Facultad de Filosof\u00eda y Letras, Universidad de Buenos Aires).<\/h5>\n<h5>Publica contribuciones originales e in\u00e9ditas resultantes de investigaciones arqueol\u00f3gicas, o bien de investigaciones multidisciplinarias o de disciplinas afines cuyos objetivos hayan sido guiados arqueol\u00f3gicamente.<\/h5>\n<p>&nbsp;<\/p>\n<h5><\/h5>\n<hr \/>\n<h5><\/h5>\n<h3><strong>ATEK NA [En la tierra]<\/strong><\/h3>\n<h5 style=\"text-align: center\"><img loading=\"lazy\" decoding=\"async\" class=\"alignnone size-medium wp-image-1079\" src=\"https:\/\/congresos.unlp.edu.ar\/12caas\/wp-content\/uploads\/sites\/10\/2021\/08\/Atek-Na-212x300.png\" alt=\"\" width=\"212\" height=\"300\" srcset=\"https:\/\/congresos.unlp.edu.ar\/12caas\/wp-content\/uploads\/sites\/10\/2021\/08\/Atek-Na-212x300.png 212w, https:\/\/congresos.unlp.edu.ar\/12caas\/wp-content\/uploads\/sites\/10\/2021\/08\/Atek-Na.png 368w\" sizes=\"auto, (max-width: 212px) 100vw, 212px\" \/><\/h5>\n<h5 style=\"text-align: center\"><strong>Enlace de acceso:\u00a0<\/strong><a href=\"http:\/\/www.atekna.plarci.org\" target=\"_blank\" rel=\"noopener\"><span style=\"font-weight: 400\">www.atekna.plarci.org<\/span><\/a><\/h5>\n<h5><span style=\"font-weight: 400\"><strong>Pertenencia institucional:<\/strong> Universidad Nacional de Luj\u00e1n<\/span><\/h5>\n<h5><span style=\"font-weight: 400\">Revista cient\u00edfica con referato, de frecuencia anual. Publica\u00a0<\/span><span style=\"font-weight: 400\">contribuciones originales e in\u00e9ditas de Ciencias Sociales o Humanas\u00a0<\/span><span style=\"font-weight: 400\">(Arqueolog\u00eda, Bioantropolog\u00eda, Antropolog\u00eda Social, Ling\u00fc\u00edstica e\u00a0<\/span><span style=\"font-weight: 400\">Historia, entre otras), en castellano, ingl\u00e9s o portugu\u00e9s.<\/span><\/h5>\n<p>&nbsp;<\/p>\n<h5><\/h5>\n<hr \/>\n<h5><\/h5>\n<h3><strong>CUADERNOS DE ANTROPOLOG\u00cdA (UNLu)<\/strong><\/h3>\n<h5 style=\"text-align: center\"><img loading=\"lazy\" decoding=\"async\" class=\"alignnone size-medium wp-image-1084\" src=\"https:\/\/congresos.unlp.edu.ar\/12caas\/wp-content\/uploads\/sites\/10\/2021\/08\/Cuadernos_2020-216x300.jpeg\" alt=\"\" width=\"216\" height=\"300\" srcset=\"https:\/\/congresos.unlp.edu.ar\/12caas\/wp-content\/uploads\/sites\/10\/2021\/08\/Cuadernos_2020-216x300.jpeg 216w, https:\/\/congresos.unlp.edu.ar\/12caas\/wp-content\/uploads\/sites\/10\/2021\/08\/Cuadernos_2020-739x1024.jpeg 739w, https:\/\/congresos.unlp.edu.ar\/12caas\/wp-content\/uploads\/sites\/10\/2021\/08\/Cuadernos_2020-768x1065.jpeg 768w, https:\/\/congresos.unlp.edu.ar\/12caas\/wp-content\/uploads\/sites\/10\/2021\/08\/Cuadernos_2020-1108x1536.jpeg 1108w, https:\/\/congresos.unlp.edu.ar\/12caas\/wp-content\/uploads\/sites\/10\/2021\/08\/Cuadernos_2020.jpeg 1450w\" sizes=\"auto, (max-width: 216px) 100vw, 216px\" \/><\/h5>\n<h5 style=\"text-align: center\"><strong>Enlace de acceso:<\/strong>\u00a0<a href=\"http:\/\/www.biblioteca.unlu.edu.ar\/?q=node\/40\" target=\"_blank\" rel=\"noopener\">http:\/\/www.biblioteca.unlu.edu.ar\/?q=node\/40<\/a><\/h5>\n<h5><span style=\"font-weight: 400\"><strong>Pertenencia institucional:<\/strong> Universidad Nacional de Luj\u00e1n<\/span><\/h5>\n<h5><span style=\"font-weight: 400\">Revista cient\u00edfica con referato, de frecuencia bianual. Publica contribuciones originales e in\u00e9ditas en el campo de la Arqueolog\u00eda o la Antropolog\u00eda Social, con los formatos de art\u00edculo, nota, rese\u00f1a, entrevista o conferencia, tanto en castellano, como en ingl\u00e9s o portugu\u00e9s.<\/span><\/h5>\n<h5><span style=\"font-weight: 400\">Mail de contacto: cuadernosdeantropologia@gmail.com<\/span><\/h5>\n<h5><\/h5>\n<p>&nbsp;<\/p>\n<hr \/>\n<h5><\/h5>\n<h3><b>CUADERNOS FHyCS-UNJu<\/b><\/h3>\n<h5 style=\"text-align: center\"><img loading=\"lazy\" decoding=\"async\" class=\"alignnone size-medium wp-image-1095\" src=\"https:\/\/congresos.unlp.edu.ar\/12caas\/wp-content\/uploads\/sites\/10\/2021\/08\/Cuadernos-Jujuy-226x300.png\" alt=\"\" width=\"226\" height=\"300\" srcset=\"https:\/\/congresos.unlp.edu.ar\/12caas\/wp-content\/uploads\/sites\/10\/2021\/08\/Cuadernos-Jujuy-226x300.png 226w, https:\/\/congresos.unlp.edu.ar\/12caas\/wp-content\/uploads\/sites\/10\/2021\/08\/Cuadernos-Jujuy.png 334w\" sizes=\"auto, (max-width: 226px) 100vw, 226px\" \/><\/h5>\n<h5 style=\"text-align: center\"><strong>Enlace de acceso:<\/strong>\u00a0<a href=\"http:\/\/revista.fhycs.unju.edu.ar\/revistacuadernos\/\" target=\"_blank\" rel=\"noopener\">http:\/\/revista.fhycs.unju.edu.ar\/revistacuadernos\/<\/a><\/h5>\n<h5><b>Nombre completo de la revista: <\/b><span style=\"font-weight: 400\">Cuadernos de la Facultad de Humanidades y Ciencias Sociales. Universidad Nacional de Jujuy.<\/span><\/h5>\n<h5><b>Pertenencia Institucional: <\/b><span style=\"font-weight: 400\">Facultad de Humanidades y Ciencias Sociales &#8211; Universidad Nacional de Jujuy<\/span><\/h5>\n<h5><span style=\"font-weight: 400\"><strong>Cuadernos FHyCS-UNJu<\/strong> es una publicaci\u00f3n semestral que publica art\u00edculos originales e in\u00e9ditos de distintas disciplinas de las Humanidades y las Ciencias Sociales, destinados a todos los niveles de lectores interesados en las ciencias del hombre.<\/span><\/h5>\n<p>&nbsp;<\/p>\n<hr \/>\n<h3><strong>ESTUDIOS SOCIALES DEL NOA Nueva Serie<\/strong><\/h3>\n<h5 style=\"text-align: center\"><img loading=\"lazy\" decoding=\"async\" class=\"alignnone size-medium wp-image-1396\" src=\"https:\/\/congresos.unlp.edu.ar\/12caas\/wp-content\/uploads\/sites\/10\/2021\/08\/Estudios-Sociales-del-NOA--300x208.png\" alt=\"\" width=\"300\" height=\"208\" srcset=\"https:\/\/congresos.unlp.edu.ar\/12caas\/wp-content\/uploads\/sites\/10\/2021\/08\/Estudios-Sociales-del-NOA--300x208.png 300w, https:\/\/congresos.unlp.edu.ar\/12caas\/wp-content\/uploads\/sites\/10\/2021\/08\/Estudios-Sociales-del-NOA-.png 563w\" sizes=\"auto, (max-width: 300px) 100vw, 300px\" \/><\/h5>\n<h5 style=\"text-align: center\"><strong>Enlace de acceso:<\/strong><a href=\"http:\/\/revistascientificas.filo.uba.ar\/index.php\/esnoa\/issue\/view\/700\">\u00a0http:\/\/revistascientificas.filo.uba.ar\/index.php\/esnoa\/issue\/view\/700<\/a><\/h5>\n<h5><strong>Pertenencia institucional:<\/strong> Instituto Interdisciplinario Tilcara, Facultad de Filosof\u00eda y Letras, Universidad de Buenos Aires.<\/h5>\n<h5>La revista se propone divulgar contribuciones que representen un aporte a los estudios sobre el mundo andino y, a partir de estos, contribuir al esclarecimiento y el avance de los problemas y discusiones actuales de las ciencias sociales en general, desde el campo disciplinar en el que se inscriban.<\/h5>\n<h5><strong>ESNOA NS<\/strong> recibe art\u00edculos originales e in\u00e9ditos de orden te\u00f3rico, metodol\u00f3gico, estudios de caso, rese\u00f1as de libros\u00a0 y biograf\u00edas acad\u00e9micas que no hayan sido publicados con anterioridad. La convocatoria est\u00e1 abierta de manera permanente.<\/h5>\n<h5>Mail de contacto: estudiossocialesdelnoa@yahoo.com.ar<\/h5>\n<p>&nbsp;<\/p>\n<hr \/>\n<h5><\/h5>\n<h3><b>ETNOGRAF\u00cdAS CONTEMPOR\u00c1NEAS<\/b><\/h3>\n<h5 style=\"text-align: center\"><img loading=\"lazy\" decoding=\"async\" class=\"alignnone size-medium wp-image-1099\" src=\"https:\/\/congresos.unlp.edu.ar\/12caas\/wp-content\/uploads\/sites\/10\/2021\/08\/Etnografias-Contemporaneas-219x300.png\" alt=\"\" width=\"219\" height=\"300\" srcset=\"https:\/\/congresos.unlp.edu.ar\/12caas\/wp-content\/uploads\/sites\/10\/2021\/08\/Etnografias-Contemporaneas-219x300.png 219w, https:\/\/congresos.unlp.edu.ar\/12caas\/wp-content\/uploads\/sites\/10\/2021\/08\/Etnografias-Contemporaneas.png 638w\" sizes=\"auto, (max-width: 219px) 100vw, 219px\" \/><\/h5>\n<h5 style=\"text-align: center\"><strong>Enlace de acceso:\u00a0<\/strong><a href=\"http:\/\/revistasacademicas.unsam.edu.ar\/index.php\/etnocontemp\" target=\"_blank\" rel=\"noopener\">http:\/\/revistasacademicas.unsam.edu.ar\/index.php\/etnocontemp<\/a><\/h5>\n<h5><span style=\"font-weight: 400\"><strong>Pertenencia institucional:<\/strong>\u00a0 Revista del Centro de Estudios en Antropolog\u00eda. Escuela Interdisciplinaria de Altos Estudios Sociales, Universidad Nacional de San Mart\u00edn<\/span><\/h5>\n<h5><span style=\"font-weight: 400\">La revista <\/span><span style=\"font-weight: 400\">publica art\u00edculos originales, dossiers tem\u00e1ticos, traducciones y rese\u00f1as bibliogr\u00e1ficas sobre antropolog\u00eda o en relaci\u00f3n a ella -debates conceptuales, reflexiones metodol\u00f3gicas y an\u00e1lisis de casos, priorizando aquellos trabajos que despliegan un enfoque etnogr\u00e1fico de las din\u00e1micas y las pr\u00e1cticas sociales y culturales. \u00a0 Cada n\u00famero ofrece un espacio para la publicaci\u00f3n de art\u00edculos, ensayos bibliogr\u00e1ficos, rese\u00f1as y un dossier tem\u00e1tico. La revista est\u00e1 dirigida a estudiantes, docentes, profesionales, investigadores y p\u00fablico acad\u00e9mico en general interesado en temas ligados a la disciplina antropol\u00f3gica.<\/span><\/h5>\n<p>&nbsp;<\/p>\n<h5><\/h5>\n<hr \/>\n<h5><\/h5>\n<h3><strong>FRAGMENTOS DEL PASADO<\/strong><\/h3>\n<h5 style=\"text-align: center\"><img loading=\"lazy\" decoding=\"async\" class=\"alignnone size-medium wp-image-1107\" src=\"https:\/\/congresos.unlp.edu.ar\/12caas\/wp-content\/uploads\/sites\/10\/2021\/08\/Fragmentos-217x300.png\" alt=\"\" width=\"217\" height=\"300\" srcset=\"https:\/\/congresos.unlp.edu.ar\/12caas\/wp-content\/uploads\/sites\/10\/2021\/08\/Fragmentos-217x300.png 217w, https:\/\/congresos.unlp.edu.ar\/12caas\/wp-content\/uploads\/sites\/10\/2021\/08\/Fragmentos.png 406w\" sizes=\"auto, (max-width: 217px) 100vw, 217px\" \/><\/h5>\n<h5 style=\"text-align: center\"><strong>Enlace de acceso:<\/strong>\u00a0<a href=\"https:\/\/fundacionazara.org.ar\/revista-fragmentos-del-pasado\/\" target=\"_blank\" rel=\"noopener\">https:\/\/fundacionazara.org.ar\/revista-fragmentos-del-pasado\/<\/a><\/h5>\n<h5><span style=\"font-weight: 400\"><strong>Pertenencia institucional:<\/strong> Fundaci\u00f3n Azara, Universidad Maim\u00f3nides<\/span><\/h5>\n<h5><span style=\"font-weight: 400\">Revista de arqueolog\u00eda antropol\u00f3gica, con especial inter\u00e9s en la historia de la disciplina, la tem\u00e1tica del patrimonio y la publicaci\u00f3n de informaci\u00f3n de base de las investigaciones.\u00a0<\/span><\/h5>\n<p>&nbsp;<\/p>\n<h5><\/h5>\n<hr \/>\n<h5><\/h5>\n<h3><strong>INTERSECCIONES EN ANTROPOLOG\u00cdA<\/strong><\/h3>\n<h5><\/h5>\n<h5 style=\"text-align: center\"><img loading=\"lazy\" decoding=\"async\" class=\"alignnone size-full wp-image-1116\" src=\"https:\/\/congresos.unlp.edu.ar\/12caas\/wp-content\/uploads\/sites\/10\/2021\/08\/Intersecciones.jpg\" alt=\"\" width=\"207\" height=\"284\" \/><\/h5>\n<h5 style=\"text-align: center\"><strong>Enlace de acceso:\u00a0<\/strong><a href=\"https:\/\/interseccionesantro.soc.unicen.edu.ar\/index.php\/intersecciones\/index\" target=\"_blank\" rel=\"noopener\">https:\/\/interseccionesantro.soc.unicen.edu.ar\/index.php\/intersecciones\/index<\/a><\/h5>\n<h5><strong>Pertenencia institucional:\u00a0<\/strong><span style=\"font-weight: 400\">Facultad de Ciencias Sociales, Universidad Nacional del Centro de la provincia de Buenos Aires.<\/span><\/h5>\n<h5><span style=\"font-weight: 400\">Publicaci\u00f3n cient\u00edfica semestral de acceso abierto. Tiene como objetivo publicar trabajos in\u00e9ditos sobre Arqueolog\u00eda, Bioarqueolog\u00eda y disciplinas afines, las cuales aporten al abordaje de una problem\u00e1tica arqueol\u00f3gica.\u00a0<\/span><span style=\"font-weight: 400\"><br \/>\n<\/span><\/h5>\n<p>&nbsp;<\/p>\n<h5><\/h5>\n<hr \/>\n<h5><\/h5>\n<h3><strong>KULA. ANTROPOLOG\u00cdA Y CIENCIAS SOCIALES<\/strong><\/h3>\n<h5 style=\"text-align: center\"><img loading=\"lazy\" decoding=\"async\" class=\"alignnone size-medium wp-image-1120\" src=\"https:\/\/congresos.unlp.edu.ar\/12caas\/wp-content\/uploads\/sites\/10\/2021\/08\/Kula-imagen_2-206x300.png\" alt=\"\" width=\"206\" height=\"300\" srcset=\"https:\/\/congresos.unlp.edu.ar\/12caas\/wp-content\/uploads\/sites\/10\/2021\/08\/Kula-imagen_2-206x300.png 206w, https:\/\/congresos.unlp.edu.ar\/12caas\/wp-content\/uploads\/sites\/10\/2021\/08\/Kula-imagen_2.png 422w\" sizes=\"auto, (max-width: 206px) 100vw, 206px\" \/><\/h5>\n<h5 style=\"text-align: center\"><strong>Enlace de acceso:<\/strong>\u00a0<a href=\"https:\/\/www.revistakula.com.ar\/\" target=\"_blank\" rel=\"noopener\">https:\/\/www.revistakula.com.ar\/<\/a><\/h5>\n<h5><\/h5>\n<h5><strong>Pertenencia institucional<\/strong><span style=\"font-weight: 400\"><strong>:<\/strong> Facultad de Filosof\u00eda y Letras (Universidad de Buenos Aires), Facultad de Ciencias Naturales y Museo (Universidad Nacional de La Plata), Instituto de Altos Estudios Sociales (Universidad Nacional de San Mart\u00edn) y Universidad Nacional de Tucum\u00e1n.<\/span><\/h5>\n<h5><strong>Revista Kula. Antropolog\u00eda y Ciencias Sociales<\/strong><span style=\"font-weight: 400\"> est\u00e1 orientada de forma exclusiva a investigadorxs en formaci\u00f3n, que no hayan alcanzado el grado de doctorxs. Esto posibilita un espacio de publicaci\u00f3n poco frecuente en el \u00e1mbito cient\u00edfico, que se ha consolidado a trav\u00e9s de los a\u00f1os como una apuesta pol\u00edtica, tanto en el campo de la edici\u00f3n acad\u00e9mica como en las exigencias cada vez m\u00e1s competitivas de acceso al sistema cient\u00edfico.<\/span><\/h5>\n<h5><\/h5>\n<p>&nbsp;<\/p>\n<hr \/>\n<h5><\/h5>\n<h3><strong>MEMORIA AMERICANA. CUADERNOS DE ETNOHISTORIA<\/strong><\/h3>\n<h5 style=\"text-align: center\"><img loading=\"lazy\" decoding=\"async\" class=\"alignnone size-medium wp-image-1124\" src=\"https:\/\/congresos.unlp.edu.ar\/12caas\/wp-content\/uploads\/sites\/10\/2021\/08\/Tapa-memoria-americana-29_1-211x300.jpg\" alt=\"\" width=\"211\" height=\"300\" srcset=\"https:\/\/congresos.unlp.edu.ar\/12caas\/wp-content\/uploads\/sites\/10\/2021\/08\/Tapa-memoria-americana-29_1-211x300.jpg 211w, https:\/\/congresos.unlp.edu.ar\/12caas\/wp-content\/uploads\/sites\/10\/2021\/08\/Tapa-memoria-americana-29_1-719x1024.jpg 719w, https:\/\/congresos.unlp.edu.ar\/12caas\/wp-content\/uploads\/sites\/10\/2021\/08\/Tapa-memoria-americana-29_1.jpg 756w\" sizes=\"auto, (max-width: 211px) 100vw, 211px\" \/><\/h5>\n<h5 style=\"text-align: center\"><strong>Enlace de acceso:<\/strong>\u00a0<a href=\"http:\/\/revistascientificas.filo.uba.ar\/index.php\/MA\" target=\"_blank\" rel=\"noopener\">http:\/\/revistascientificas.filo.uba.ar\/index.php\/MA<\/a><\/h5>\n<h5><span style=\"font-weight: 400\"><strong>Pertenencia institucional:<\/strong> Secci\u00f3n Etnohistoria del Instituto de Ciencias Antropol\u00f3gicas de la Universidad de Buenos Aires.\u00a0<\/span><\/h5>\n<h5><span style=\"font-weight: 400\">Se trata de una Revista Cient\u00edfica de aparici\u00f3n semestral on-line. Publica art\u00edculos originales de investigaci\u00f3n de autores nacionales y extranjeros en el campo de la etnohistoria, la antropolog\u00eda hist\u00f3rica y la historia colonial de Am\u00e9rica Latina. Sus contenidos est\u00e1n dirigidos a especialistas, estudiantes de grado y posgrado e investigadores de otras disciplinas afines.<\/span><\/h5>\n<h5><\/h5>\n<p>&nbsp;<\/p>\n<hr \/>\n<h5><\/h5>\n<h3><strong>MUNDO DE ANTES<\/strong><\/h3>\n<h5 style=\"text-align: center\"><img loading=\"lazy\" decoding=\"async\" class=\"alignnone size-medium wp-image-1131\" src=\"https:\/\/congresos.unlp.edu.ar\/12caas\/wp-content\/uploads\/sites\/10\/2021\/08\/Tapa-MA-15-1-2021-241x300.jpg\" alt=\"\" width=\"241\" height=\"300\" srcset=\"https:\/\/congresos.unlp.edu.ar\/12caas\/wp-content\/uploads\/sites\/10\/2021\/08\/Tapa-MA-15-1-2021-241x300.jpg 241w, https:\/\/congresos.unlp.edu.ar\/12caas\/wp-content\/uploads\/sites\/10\/2021\/08\/Tapa-MA-15-1-2021-822x1024.jpg 822w, https:\/\/congresos.unlp.edu.ar\/12caas\/wp-content\/uploads\/sites\/10\/2021\/08\/Tapa-MA-15-1-2021-768x957.jpg 768w, https:\/\/congresos.unlp.edu.ar\/12caas\/wp-content\/uploads\/sites\/10\/2021\/08\/Tapa-MA-15-1-2021-1233x1536.jpg 1233w, https:\/\/congresos.unlp.edu.ar\/12caas\/wp-content\/uploads\/sites\/10\/2021\/08\/Tapa-MA-15-1-2021-1643x2048.jpg 1643w, https:\/\/congresos.unlp.edu.ar\/12caas\/wp-content\/uploads\/sites\/10\/2021\/08\/Tapa-MA-15-1-2021.jpg 1990w\" sizes=\"auto, (max-width: 241px) 100vw, 241px\" \/><\/h5>\n<h5 style=\"text-align: center\"><strong>Enlace de acceso:<\/strong>\u00a0<a href=\"http:\/\/publicaciones.csnat.unt.edu.ar\/index.php\/mundodeantes\" target=\"_blank\" rel=\"noopener\">http:\/\/publicaciones.csnat.unt.edu.ar\/index.php\/mundodeantes<\/a><\/h5>\n<h5><span style=\"font-weight: 400\"><strong>Pertenencia institucional:<\/strong> Instituto de Arqueolog\u00eda y Museo, Facultad de Ciencias Naturales e IML, Universidad Nacional de Tucum\u00e1n.<\/span><\/h5>\n<h5><span style=\"font-weight: 400\">Est\u00e1 dedicada a la difusi\u00f3n de investigaciones originales e in\u00e9ditas en las \u00e1reas de Ciencias Sociales, con especial referencia a la Arqueolog\u00eda, la Antropolog\u00eda y la Etnohistoria, destinada al p\u00fablico acad\u00e9mico general. Tiene car\u00e1cter semestral y se publica la primera semana de abril y la primera de octubre de cada a\u00f1o.<\/span><\/h5>\n<p>&nbsp;<\/p>\n<h5><\/h5>\n<hr \/>\n<h5><\/h5>\n<h3><b>PUBLICAR en Antropolog\u00eda y Ciencias Sociales<\/b><\/h3>\n<h5 style=\"text-align: center\"><img loading=\"lazy\" decoding=\"async\" class=\"alignnone size-medium wp-image-1136\" src=\"https:\/\/congresos.unlp.edu.ar\/12caas\/wp-content\/uploads\/sites\/10\/2021\/08\/Portada-revista-publicar-XXIX-dic-2020-212x300.jpg\" alt=\"\" width=\"212\" height=\"300\" srcset=\"https:\/\/congresos.unlp.edu.ar\/12caas\/wp-content\/uploads\/sites\/10\/2021\/08\/Portada-revista-publicar-XXIX-dic-2020-212x300.jpg 212w, https:\/\/congresos.unlp.edu.ar\/12caas\/wp-content\/uploads\/sites\/10\/2021\/08\/Portada-revista-publicar-XXIX-dic-2020-724x1024.jpg 724w, https:\/\/congresos.unlp.edu.ar\/12caas\/wp-content\/uploads\/sites\/10\/2021\/08\/Portada-revista-publicar-XXIX-dic-2020-768x1087.jpg 768w, https:\/\/congresos.unlp.edu.ar\/12caas\/wp-content\/uploads\/sites\/10\/2021\/08\/Portada-revista-publicar-XXIX-dic-2020-1085x1536.jpg 1085w, https:\/\/congresos.unlp.edu.ar\/12caas\/wp-content\/uploads\/sites\/10\/2021\/08\/Portada-revista-publicar-XXIX-dic-2020-1447x2048.jpg 1447w, https:\/\/congresos.unlp.edu.ar\/12caas\/wp-content\/uploads\/sites\/10\/2021\/08\/Portada-revista-publicar-XXIX-dic-2020.jpg 1500w\" sizes=\"auto, (max-width: 212px) 100vw, 212px\" \/><\/h5>\n<h5 style=\"text-align: center\"><strong>Enlace de acceso:\u00a0<\/strong><a href=\"https:\/\/ppct.caicyt.gov.ar\/index.php\/publicar\/index\" target=\"_blank\" rel=\"noopener\">https:\/\/ppct.caicyt.gov.ar\/index.php\/publicar\/index<\/a><\/h5>\n<h5><span style=\"font-weight: 400\"><strong>Pertenencia institucional:<\/strong> Colegio de Graduados en Antropolog\u00eda de la Rep\u00fablica Argentina<\/span><\/h5>\n<h5><b>Publicar en Antropolog\u00eda y Ciencias Sociales, <\/b><span style=\"font-weight: 400\">revista del Colegio de Graduados en Antropolog\u00eda<\/span><span style=\"font-weight: 400\"> de la Rep\u00fablica Argentina, es un espacio de tradici\u00f3n pluralista dirigido a difundir trabajos in\u00e9ditos en todas las \u00e1reas de la Antropolog\u00eda.<\/span><\/h5>\n<p>&nbsp;<\/p>\n<h5><\/h5>\n<hr \/>\n<h5><\/h5>\n<h3><strong>REVISTA DE LA ESCUELA DE ANTROPOLOG\u00cdA<\/strong><\/h3>\n<p style=\"text-align: center\"><img loading=\"lazy\" decoding=\"async\" class=\"alignnone size-medium wp-image-1549\" src=\"https:\/\/congresos.unlp.edu.ar\/12caas\/wp-content\/uploads\/sites\/10\/2021\/08\/Rosario-211x300.jpg\" alt=\"\" width=\"211\" height=\"300\" srcset=\"https:\/\/congresos.unlp.edu.ar\/12caas\/wp-content\/uploads\/sites\/10\/2021\/08\/Rosario-211x300.jpg 211w, https:\/\/congresos.unlp.edu.ar\/12caas\/wp-content\/uploads\/sites\/10\/2021\/08\/Rosario-722x1024.jpg 722w, https:\/\/congresos.unlp.edu.ar\/12caas\/wp-content\/uploads\/sites\/10\/2021\/08\/Rosario-768x1090.jpg 768w, https:\/\/congresos.unlp.edu.ar\/12caas\/wp-content\/uploads\/sites\/10\/2021\/08\/Rosario.jpg 771w\" sizes=\"auto, (max-width: 211px) 100vw, 211px\" \/><\/p>\n<h5 style=\"text-align: center\"><a href=\"https:\/\/revistadeantropologia.unr.edu.ar\/index.php\/revistadeantropologia\">https:\/\/revistadeantropologia.unr.edu.ar\/index.php\/revistadeantropologia<\/a><\/h5>\n<h5><strong>Pertenencia institucional:<\/strong> Escuela de Antropolog\u00eda, Facultad de Humanidades y Artes, Universidad Nacional de Rosario<\/h5>\n<h5>La\u00a0<strong>Revista de la Escuela de Antropolog\u00ed<\/strong><strong>a<\/strong>\u00a0de la Facultad de Humanidades y Artes de la Universidad Nacional de Rosario &#8211; ISSN 1852-1576 (impresa) ISSN 2618-2998 (en l\u00ednea) tiene como objetivo publicar trabajos originales y art\u00edculos cient\u00edficos actualizados que traten aspectos te\u00f3ricos y emp\u00edricos en el campo de la Antropolog\u00eda (Antropolog\u00eda Socio \u2013 cultural, Arqueolog\u00eda, Bioantropolog\u00eda y Etnoling\u00fc\u00edstica).<\/h5>\n<p>&nbsp;<\/p>\n<h5><\/h5>\n<hr \/>\n<h3><\/h3>\n<h3><strong>REVISTA RELACIONES<\/strong><\/h3>\n<h5 style=\"text-align: center\"><img loading=\"lazy\" decoding=\"async\" class=\"alignnone size-medium wp-image-1140\" src=\"https:\/\/congresos.unlp.edu.ar\/12caas\/wp-content\/uploads\/sites\/10\/2021\/08\/RELACIONES-215x300.png\" alt=\"\" width=\"215\" height=\"300\" srcset=\"https:\/\/congresos.unlp.edu.ar\/12caas\/wp-content\/uploads\/sites\/10\/2021\/08\/RELACIONES-215x300.png 215w, https:\/\/congresos.unlp.edu.ar\/12caas\/wp-content\/uploads\/sites\/10\/2021\/08\/RELACIONES.png 337w\" sizes=\"auto, (max-width: 215px) 100vw, 215px\" \/><\/h5>\n<h5 style=\"text-align: center\"><strong>Enlace de acceso:<\/strong>\u00a0<a href=\"http:\/\/www.saantropologia.com.ar\/revista-relaciones\/\" target=\"_blank\" rel=\"noopener\">http:\/\/www.saantropologia.com.ar\/revista-relaciones\/<\/a><\/h5>\n<h5><strong>Pertenencia Institucional:<\/strong><span style=\"font-weight: 400\"> Sociedad Argentina de Antropolog\u00eda\u00a0<\/span><\/h5>\n<h5><span style=\"font-weight: 400\">La <strong>Revista Relaciones<\/strong> es una publicaci\u00f3n semestral que busca publicar y difundir investigaciones nacionales e internacionales. Publica art\u00edculos, notas, rese\u00f1as, comentarios y obituarios en el marco de la Arqueolog\u00eda, Antropolog\u00eda Social, Biol\u00f3gica, Etnograf\u00eda y Etnohistoria.<\/span><span style=\"font-weight: 400\">\u00a0<\/span><\/h5>\n<h5><\/h5>\n<p>&nbsp;<\/p>\n","protected":false},"excerpt":{"rendered":"<p>ARQUEOLOG\u00cdA Enlace de acceso:\u00a0http:\/\/revistascientificas.filo.uba.ar\/index.php\/Arqueologia\/ Pertenencia institucional: Instituto de Arqueolog\u00eda, Facultad de Filosof\u00eda y Letras, Universidad de Buenos Aires Arqueolog\u00eda es una revista cient\u00edfica con referato, de acceso abierto y frecuencia cuatrimestral, editada por el Instituto de Arqueolog\u00eda (Facultad de Filosof\u00eda y Letras, Universidad de Buenos Aires). Publica contribuciones originales e in\u00e9ditas resultantes de investigaciones arqueol\u00f3gicas, [&hellip;]<\/p>\n","protected":false},"author":21,"featured_media":0,"parent":0,"menu_order":0,"comment_status":"closed","ping_status":"closed","template":"","meta":{"advgb_blocks_editor_width":"","advgb_blocks_columns_visual_guide":"","footnotes":""},"class_list":["post-1061","page","type-page","status-publish","hentry","post"],"aioseo_notices":[],"coauthors":[],"author_meta":{"author_link":"https:\/\/congresos.unlp.edu.ar\/12caas\/author\/irobia\/","display_name":"Ivone"},"relative_dates":{"created":"Publicado 5 a\u00f1os hace","modified":"Actualizado 5 a\u00f1os hace"},"absolute_dates":{"created":"Publicado el 23\/08\/2021","modified":"Actualizado el 30\/08\/2021"},"absolute_dates_time":{"created":"Publicado el 23\/08\/2021 1:35 pm","modified":"Actualizado el 30\/08\/2021 11:37 am"},"featured_img_caption":"","featured_img":false,"series_order":"","_links":{"self":[{"href":"https:\/\/congresos.unlp.edu.ar\/12caas\/wp-json\/wp\/v2\/pages\/1061","targetHints":{"allow":["GET"]}}],"collection":[{"href":"https:\/\/congresos.unlp.edu.ar\/12caas\/wp-json\/wp\/v2\/pages"}],"about":[{"href":"https:\/\/congresos.unlp.edu.ar\/12caas\/wp-json\/wp\/v2\/types\/page"}],"author":[{"embeddable":true,"href":"https:\/\/congresos.unlp.edu.ar\/12caas\/wp-json\/wp\/v2\/users\/21"}],"replies":[{"embeddable":true,"href":"https:\/\/congresos.unlp.edu.ar\/12caas\/wp-json\/wp\/v2\/comments?post=1061"}],"version-history":[{"count":0,"href":"https:\/\/congresos.unlp.edu.ar\/12caas\/wp-json\/wp\/v2\/pages\/1061\/revisions"}],"wp:attachment":[{"href":"https:\/\/congresos.unlp.edu.ar\/12caas\/wp-json\/wp\/v2\/media?parent=1061"}],"curies":[{"name":"wp","href":"https:\/\/api.w.org\/{rel}","templated":true}]}}